{"id":121,"date":"2026-01-21T08:01:22","date_gmt":"2026-01-21T08:01:22","guid":{"rendered":"https:\/\/gneist.org\/innenm2026\/?page_id=121"},"modified":"2026-02-26T21:42:36","modified_gmt":"2026-02-26T21:42:36","slug":"transport","status":"publish","type":"page","link":"https:\/\/gneist.org\/innenm2026\/transport\/","title":{"rendered":"Transport"},"content":{"rendered":"\n<p class=\"\">Det vil bli satt opp busser som kommer til \u00e5 g\u00e5 i forkant av stevnet alle tre dagene fra Quality Hotel Edvard Grieg til Gneist Arena. Etter stevneslutt vil det ogs\u00e5 g\u00e5 busser fra Gneist Arena tilbake til hotellet fredag og l\u00f8rdag. Pris pr vei kr 50.- for forh\u00e5ndskj\u00f8pte billetter. Ved ledig kapasitet kan det ogs\u00e5 kj\u00f8pes billetter ved ombordstigning til kr 75.- <br><br><strong>\u00d8nsker idrettslag \u00e5 kj\u00f8pe samlet billetter er dette ogs\u00e5 mulig. Da m\u00e5 friidrettskoordinator@gneist.no kontaktes senest torsdag 26. februar kl 18:00. Faktura til klubb. <\/strong><br><br>Etter stevneslutt s\u00f8ndag g\u00e5r det 2 busser til Bergen Lufthavn Flesland. Pris for forh\u00e5ndskj\u00f8pte billetter er kr 100.- , ved ledig kapasitet kr 150.- ved ombordstigning. <br><br><strong>Tidsplan for disse bussene er:<\/strong> (Kj\u00f8retid fra hotell-arena 10-15 min avhengig av trafikk)<br><br>Fredag fra hotell til arena : 14:35 og 15:35<br>Fredag fra arena til hotell : 20:00 og 21:20<br><br>L\u00f8rdag fra hotell til arena : 09:20 og 12:00<br>L\u00f8rdag fra arena til hotell : 18:00 og 19:00<br><br>S\u00f8ndag fra hotell til Arena : 08:00 og 09:00<br>S\u00f8ndag fra arena til flyplass : 15:20 og 15:45<br><br>Billetter til disse bussen kj\u00f8pes i forkant gjennom <strong><a href=\"https:\/\/isonen.no\/event\/cmjhleb9a02sdea016be8v7ax\/tickets\/\">Isonen sitt p\u00e5meldingssystem<\/a><\/strong>. (klikk p\u00e5 link)<br>Vi kan ikke garantere plass i bussen uten at billett er kj\u00f8pt p\u00e5 forh\u00e5nd. Ved ledig kapasitet kan det kj\u00f8pes billett ved ombordstigning (Vipps) til kr 75.- for arena\/hotell og kr 150.- arena-flyplass.<br><br>Det er ogs\u00e5 mulig \u00e5 ta rutebuss <strong>(BUSS 52)<\/strong> fra QHEG til Gneist Arena. Bussene g\u00e5r fra Sandslikrysset til Meyerskiftet, rutetiden er 3\/4 minutter. Tilsvarende motsatt vei.<br><br>Fra QHEG til Sandslikrysset er det 500 meter \u00e5 g\u00e5, fra Meyerskiftet til Gneist Arena 250 meter.<br><strong><br><a href=\"https:\/\/reise.skyss.no\/planner\/travel-plans?timetype=DEPARTURE&amp;ts=2026-02-27T12:24:00Z&amp;service-modes=airportbus,bus,carferry,expressbus,others,passengerboat,train,tram&amp;min-transfer=2&amp;walk-speed=normal&amp;from=eyJkZXNjIjoiU2FuZHNsaWtyeXNzZXQsIEJlcmdlbiIsImlkIjoiTlNSOlN0b3BQbGFjZToyOTk1%0D%0AOCIsImxvYyI6IjYwLjI5MDcyNyw1LjI4NzQxMiIsIm1vZGVzIjpbIkJ1cyJdLCJ0eXBlIjoic3Rv%0D%0AcGdyb3VwIn0%3D&amp;to=eyJkZXNjIjoiTWV5ZXJza2lmdGV0LCBCZXJnZW4iLCJpZCI6Ik5TUjpTdG9wUGxhY2U6Mjk5NjQi%0D%0ALCJsb2MiOiI2MC4yOTE3MjcsNS4zMTI4MzkiLCJtb2RlcyI6WyJCdXMiXSwidHlwZSI6InN0b3Bn%0D%0Acm91cCJ9\" target=\"_blank\" rel=\"noreferrer noopener\">Link til Skyss<\/a><\/strong><\/p>\n","protected":false},"excerpt":{"rendered":"<p>Det vil bli satt opp busser som kommer til \u00e5 g\u00e5 i forkant av stevnet alle tre dagene fra Quality Hotel Edvard Grieg til Gneist Arena. Etter stevneslutt vil det ogs\u00e5 g\u00e5 busser fra Gneist Arena tilbake til hotellet fredag og l\u00f8rdag. Pris pr vei kr 50.- for forh\u00e5ndskj\u00f8pte billetter. Ved ledig kapasitet kan det&#8230;<\/p>\n<div class=\"read-more\"><a href=\"https:\/\/gneist.org\/innenm2026\/transport\/\">Read More<\/a><\/div>\n","protected":false},"author":1,"featured_media":0,"parent":0,"menu_order":0,"comment_status":"closed","ping_status":"closed","template":"","meta":{"nf_dc_page":"","om_disable_all_campaigns":false,"_monsterinsights_skip_tracking":false,"_monsterinsights_sitenote_active":false,"_monsterinsights_sitenote_note":"","_monsterinsights_sitenote_category":0,"footnotes":""},"class_list":["post-121","page","type-page","status-publish","hentry"],"yoast_head":"<!-- This site is optimized with the Yoast SEO plugin v27.5 - https:\/\/yoast.com\/product\/yoast-seo-wordpress\/ -->\n<title>Transport - https:\/\/gneist.org\/innenm2026<\/title>\n<meta name=\"robots\" content=\"index, follow, max-snippet:-1, max-image-preview:large, max-video-preview:-1\" \/>\n<link rel=\"canonical\" href=\"https:\/\/gneist.org\/innenm2026\/transport\/\" \/>\n<meta property=\"og:locale\" content=\"nb_NO\" \/>\n<meta property=\"og:type\" content=\"article\" \/>\n<meta property=\"og:title\" content=\"Transport - https:\/\/gneist.org\/innenm2026\" \/>\n<meta property=\"og:description\" content=\"Det vil bli satt opp busser som kommer til \u00e5 g\u00e5 i forkant av stevnet alle tre dagene fra Quality Hotel Edvard Grieg til Gneist Arena. Etter stevneslutt vil det ogs\u00e5 g\u00e5 busser fra Gneist Arena tilbake til hotellet fredag og l\u00f8rdag. Pris pr vei kr 50.- for forh\u00e5ndskj\u00f8pte billetter. Ved ledig kapasitet kan det...Read More\" \/>\n<meta property=\"og:url\" content=\"https:\/\/gneist.org\/innenm2026\/transport\/\" \/>\n<meta property=\"og:site_name\" content=\"https:\/\/gneist.org\/innenm2026\" \/>\n<meta property=\"article:modified_time\" content=\"2026-02-26T21:42:36+00:00\" \/>\n<meta name=\"twitter:card\" content=\"summary_large_image\" \/>\n<meta name=\"twitter:label1\" content=\"Ansl. lesetid\" \/>\n\t<meta name=\"twitter:data1\" content=\"2 minutter\" \/>\n<script type=\"application\/ld+json\" class=\"yoast-schema-graph\">{\"@context\":\"https:\\\/\\\/schema.org\",\"@graph\":[{\"@type\":\"WebPage\",\"@id\":\"https:\\\/\\\/gneist.org\\\/innenm2026\\\/transport\\\/\",\"url\":\"https:\\\/\\\/gneist.org\\\/innenm2026\\\/transport\\\/\",\"name\":\"Transport - https:\\\/\\\/gneist.org\\\/innenm2026\",\"isPartOf\":{\"@id\":\"https:\\\/\\\/gneist.org\\\/innenm2026\\\/#website\"},\"datePublished\":\"2026-01-21T08:01:22+00:00\",\"dateModified\":\"2026-02-26T21:42:36+00:00\",\"breadcrumb\":{\"@id\":\"https:\\\/\\\/gneist.org\\\/innenm2026\\\/transport\\\/#breadcrumb\"},\"inLanguage\":\"nb-NO\",\"potentialAction\":[{\"@type\":\"ReadAction\",\"target\":[\"https:\\\/\\\/gneist.org\\\/innenm2026\\\/transport\\\/\"]}]},{\"@type\":\"BreadcrumbList\",\"@id\":\"https:\\\/\\\/gneist.org\\\/innenm2026\\\/transport\\\/#breadcrumb\",\"itemListElement\":[{\"@type\":\"ListItem\",\"position\":1,\"name\":\"Home\",\"item\":\"https:\\\/\\\/gneist.org\\\/innenm2026\\\/\"},{\"@type\":\"ListItem\",\"position\":2,\"name\":\"Transport\"}]},{\"@type\":\"WebSite\",\"@id\":\"https:\\\/\\\/gneist.org\\\/innenm2026\\\/#website\",\"url\":\"https:\\\/\\\/gneist.org\\\/innenm2026\\\/\",\"name\":\"https:\\\/\\\/gneist.org\\\/innenm2026\",\"description\":\"\",\"potentialAction\":[{\"@type\":\"SearchAction\",\"target\":{\"@type\":\"EntryPoint\",\"urlTemplate\":\"https:\\\/\\\/gneist.org\\\/innenm2026\\\/?s={search_term_string}\"},\"query-input\":{\"@type\":\"PropertyValueSpecification\",\"valueRequired\":true,\"valueName\":\"search_term_string\"}}],\"inLanguage\":\"nb-NO\"}]}<\/script>\n<!-- \/ Yoast SEO plugin. -->","yoast_head_json":{"title":"Transport - https:\/\/gneist.org\/innenm2026","robots":{"index":"index","follow":"follow","max-snippet":"max-snippet:-1","max-image-preview":"max-image-preview:large","max-video-preview":"max-video-preview:-1"},"canonical":"https:\/\/gneist.org\/innenm2026\/transport\/","og_locale":"nb_NO","og_type":"article","og_title":"Transport - https:\/\/gneist.org\/innenm2026","og_description":"Det vil bli satt opp busser som kommer til \u00e5 g\u00e5 i forkant av stevnet alle tre dagene fra Quality Hotel Edvard Grieg til Gneist Arena. Etter stevneslutt vil det ogs\u00e5 g\u00e5 busser fra Gneist Arena tilbake til hotellet fredag og l\u00f8rdag. Pris pr vei kr 50.- for forh\u00e5ndskj\u00f8pte billetter. Ved ledig kapasitet kan det...Read More","og_url":"https:\/\/gneist.org\/innenm2026\/transport\/","og_site_name":"https:\/\/gneist.org\/innenm2026","article_modified_time":"2026-02-26T21:42:36+00:00","twitter_card":"summary_large_image","twitter_misc":{"Ansl. lesetid":"2 minutter"},"schema":{"@context":"https:\/\/schema.org","@graph":[{"@type":"WebPage","@id":"https:\/\/gneist.org\/innenm2026\/transport\/","url":"https:\/\/gneist.org\/innenm2026\/transport\/","name":"Transport - https:\/\/gneist.org\/innenm2026","isPartOf":{"@id":"https:\/\/gneist.org\/innenm2026\/#website"},"datePublished":"2026-01-21T08:01:22+00:00","dateModified":"2026-02-26T21:42:36+00:00","breadcrumb":{"@id":"https:\/\/gneist.org\/innenm2026\/transport\/#breadcrumb"},"inLanguage":"nb-NO","potentialAction":[{"@type":"ReadAction","target":["https:\/\/gneist.org\/innenm2026\/transport\/"]}]},{"@type":"BreadcrumbList","@id":"https:\/\/gneist.org\/innenm2026\/transport\/#breadcrumb","itemListElement":[{"@type":"ListItem","position":1,"name":"Home","item":"https:\/\/gneist.org\/innenm2026\/"},{"@type":"ListItem","position":2,"name":"Transport"}]},{"@type":"WebSite","@id":"https:\/\/gneist.org\/innenm2026\/#website","url":"https:\/\/gneist.org\/innenm2026\/","name":"https:\/\/gneist.org\/innenm2026","description":"","potentialAction":[{"@type":"SearchAction","target":{"@type":"EntryPoint","urlTemplate":"https:\/\/gneist.org\/innenm2026\/?s={search_term_string}"},"query-input":{"@type":"PropertyValueSpecification","valueRequired":true,"valueName":"search_term_string"}}],"inLanguage":"nb-NO"}]}},"_links":{"self":[{"href":"https:\/\/gneist.org\/innenm2026\/wp-json\/wp\/v2\/pages\/121","targetHints":{"allow":["GET"]}}],"collection":[{"href":"https:\/\/gneist.org\/innenm2026\/wp-json\/wp\/v2\/pages"}],"about":[{"href":"https:\/\/gneist.org\/innenm2026\/wp-json\/wp\/v2\/types\/page"}],"author":[{"embeddable":true,"href":"https:\/\/gneist.org\/innenm2026\/wp-json\/wp\/v2\/users\/1"}],"replies":[{"embeddable":true,"href":"https:\/\/gneist.org\/innenm2026\/wp-json\/wp\/v2\/comments?post=121"}],"version-history":[{"count":11,"href":"https:\/\/gneist.org\/innenm2026\/wp-json\/wp\/v2\/pages\/121\/revisions"}],"predecessor-version":[{"id":294,"href":"https:\/\/gneist.org\/innenm2026\/wp-json\/wp\/v2\/pages\/121\/revisions\/294"}],"wp:attachment":[{"href":"https:\/\/gneist.org\/innenm2026\/wp-json\/wp\/v2\/media?parent=121"}],"curies":[{"name":"wp","href":"https:\/\/api.w.org\/{rel}","templated":true}]}}

<p class="">Det vil bli satt opp busser som kommer til å gå i forkant av stevnet alle tre dagene fra Quality Hotel Edvard Grieg til Gneist Arena. Etter stevneslutt vil det også gå busser fra Gneist Arena tilbake til hotellet fredag og lørdag. Pris pr vei kr 50.- for forhåndskjøpte billetter. Ved ledig kapasitet kan det også kjøpes billetter ved ombordstigning til kr 75.- <br><br><strong>Ønsker idrettslag å kjøpe samlet billetter er dette også mulig. Da må friidrettskoordinator@gneist.no kontaktes senest torsdag 26. februar kl 18:00. Faktura til klubb. </strong><br><br>Etter stevneslutt søndag går det 2 busser til Bergen Lufthavn Flesland. Pris for forhåndskjøpte billetter er kr 100.- , ved ledig kapasitet kr 150.- ved ombordstigning. <br><br><strong>Tidsplan for disse bussene er:</strong> (Kjøretid fra hotell-arena 10-15 min avhengig av trafikk)<br><br>Fredag fra hotell til arena : 14:35 og 15:35<br>Fredag fra arena til hotell : 20:00 og 21:20<br><br>Lørdag fra hotell til arena : 09:20 og 12:00<br>Lørdag fra arena til hotell : 18:00 og 19:00<br><br>Søndag fra hotell til Arena : 08:00 og 09:00<br>Søndag fra arena til flyplass : 15:20 og 15:45<br><br>Billetter til disse bussen kjøpes i forkant gjennom <strong><a href="https://isonen.no/event/cmjhleb9a02sdea016be8v7ax/tickets/">Isonen sitt påmeldingssystem</a></strong>. (klikk på link)<br>Vi kan ikke garantere plass i bussen uten at billett er kjøpt på forhånd. Ved ledig kapasitet kan det kjøpes billett ved ombordstigning (Vipps) til kr 75.- for arena/hotell og kr 150.- arena-flyplass.<br><br>Det er også mulig å ta rutebuss <strong>(BUSS 52)</strong> fra QHEG til Gneist Arena. Bussene går fra Sandslikrysset til Meyerskiftet, rutetiden er 3/4 minutter. Tilsvarende motsatt vei.<br><br>Fra QHEG til Sandslikrysset er det 500 meter å gå, fra Meyerskiftet til Gneist Arena 250 meter.<br><strong><br><a href="https://reise.skyss.no/planner/travel-plans?timetype=DEPARTURE&amp;ts=2026-02-27T12:24:00Z&amp;service-modes=airportbus,bus,carferry,expressbus,others,passengerboat,train,tram&amp;min-transfer=2&amp;walk-speed=normal&amp;from=eyJkZXNjIjoiU2FuZHNsaWtyeXNzZXQsIEJlcmdlbiIsImlkIjoiTlNSOlN0b3BQbGFjZToyOTk1%0D%0AOCIsImxvYyI6IjYwLjI5MDcyNyw1LjI4NzQxMiIsIm1vZGVzIjpbIkJ1cyJdLCJ0eXBlIjoic3Rv%0D%0AcGdyb3VwIn0%3D&amp;to=eyJkZXNjIjoiTWV5ZXJza2lmdGV0LCBCZXJnZW4iLCJpZCI6Ik5TUjpTdG9wUGxhY2U6Mjk5NjQi%0D%0ALCJsb2MiOiI2MC4yOTE3MjcsNS4zMTI4MzkiLCJtb2RlcyI6WyJCdXMiXSwidHlwZSI6InN0b3Bn%0D%0Acm91cCJ9" target="_blank" rel="noreferrer noopener">Link til Skyss</a></strong></p>

<p>Det vil bli satt opp busser som kommer til å gå i forkant av stevnet alle tre dagene fra Quality Hotel Edvard Grieg til Gneist Arena. Etter stevneslutt vil det også gå busser fra Gneist Arena tilbake til hotellet fredag og lørdag. Pris pr vei kr 50.- for forhåndskjøpte billetter. Ved ledig kapasitet kan det&#8230;</p>
<div class="read-more"><a href="https://gneist.org/innenm2026/transport/">Read More</a></div>

<!-- This site is optimized with the Yoast SEO plugin v27.5 - https://yoast.com/product/yoast-seo-wordpress/ -->
<title>Transport - https://gneist.org/innenm2026</title>
<meta name="robots" content="index, follow, max-snippet:-1, max-image-preview:large, max-video-preview:-1" />
<link rel="canonical" href="https://gneist.org/innenm2026/transport/" />
<meta property="og:locale" content="nb_NO" />
<meta property="og:type" content="article" />
<meta property="og:title" content="Transport - https://gneist.org/innenm2026" />
<meta property="og:description" content="Det vil bli satt opp busser som kommer til å gå i forkant av stevnet alle tre dagene fra Quality Hotel Edvard Grieg til Gneist Arena. Etter stevneslutt vil det også gå busser fra Gneist Arena tilbake til hotellet fredag og lørdag. Pris pr vei kr 50.- for forhåndskjøpte billetter. Ved ledig kapasitet kan det...Read More" />
<meta property="og:url" content="https://gneist.org/innenm2026/transport/" />
<meta property="og:site_name" content="https://gneist.org/innenm2026" />
<meta property="article:modified_time" content="2026-02-26T21:42:36+00:00" />
<meta name="twitter:card" content="summary_large_image" />
<meta name="twitter:label1" content="Ansl. lesetid" />
	<meta name="twitter:data1" content="2 minutter" />
<script type="application/ld+json" class="yoast-schema-graph">{"@context":"https:\/\/schema.org","@graph":[{"@type":"WebPage","@id":"https:\/\/gneist.org\/innenm2026\/transport\/","url":"https:\/\/gneist.org\/innenm2026\/transport\/","name":"Transport - https:\/\/gneist.org\/innenm2026","isPartOf":{"@id":"https:\/\/gneist.org\/innenm2026\/#website"},"datePublished":"2026-01-21T08:01:22+00:00","dateModified":"2026-02-26T21:42:36+00:00","breadcrumb":{"@id":"https:\/\/gneist.org\/innenm2026\/transport\/#breadcrumb"},"inLanguage":"nb-NO","potentialAction":[{"@type":"ReadAction","target":["https:\/\/gneist.org\/innenm2026\/transport\/"]}]},{"@type":"BreadcrumbList","@id":"https:\/\/gneist.org\/innenm2026\/transport\/#breadcrumb","itemListElement":[{"@type":"ListItem","position":1,"name":"Home","item":"https:\/\/gneist.org\/innenm2026\/"},{"@type":"ListItem","position":2,"name":"Transport"}]},{"@type":"WebSite","@id":"https:\/\/gneist.org\/innenm2026\/#website","url":"https:\/\/gneist.org\/innenm2026\/","name":"https:\/\/gneist.org\/innenm2026","description":"","potentialAction":[{"@type":"SearchAction","target":{"@type":"EntryPoint","urlTemplate":"https:\/\/gneist.org\/innenm2026\/?s={search_term_string}"},"query-input":{"@type":"PropertyValueSpecification","valueRequired":true,"valueName":"search_term_string"}}],"inLanguage":"nb-NO"}]}</script>
<!-- / Yoast SEO plugin. -->

Det vil bli satt opp busser som kommer til å gå i forkant av stevnet alle tre dagene fra Quality Hotel Edvard Grieg til Gneist Arena. Etter stevneslutt vil det også gå busser fra Gneist Arena tilbake til hotellet fredag og lørdag. Pris pr vei kr 50.- for forhåndskjøpte billetter. Ved ledig kapasitet kan det...Read More
