{"id":29,"date":"2025-09-13T19:41:08","date_gmt":"2025-09-13T19:41:08","guid":{"rendered":"https:\/\/gneist.org\/innenm2026\/?page_id=29"},"modified":"2025-10-13T13:18:28","modified_gmt":"2025-10-13T13:18:28","slug":"om-stevnet","status":"publish","type":"page","link":"https:\/\/gneist.org\/innenm2026\/om-stevnet\/","title":{"rendered":"Overnatting"},"content":{"rendered":"\n<figure class=\"wp-block-image size-full\"><img decoding=\"async\" width=\"1024\" height=\"683\" loading=\"lazy\" src=\"https:\/\/gneist.org\/innenm2026\/wp-content\/uploads\/2025\/09\/hotelfront-facade-summer-quality-hotel-edvard-grieg_1500-1024x683-1.webp\" alt=\"\" class=\"wp-image-57\" srcset=\"https:\/\/gneist.org\/innenm2026\/wp-content\/uploads\/2025\/09\/hotelfront-facade-summer-quality-hotel-edvard-grieg_1500-1024x683-1.webp 1024w, https:\/\/gneist.org\/innenm2026\/wp-content\/uploads\/2025\/09\/hotelfront-facade-summer-quality-hotel-edvard-grieg_1500-1024x683-1-300x200.webp 300w, https:\/\/gneist.org\/innenm2026\/wp-content\/uploads\/2025\/09\/hotelfront-facade-summer-quality-hotel-edvard-grieg_1500-1024x683-1-768x512.webp 768w\" sizes=\"auto, (max-width: 1024px) 100vw, 1024px\" \/><\/figure>\n\n\n\n<p class=\"\">Strawberry og Quality Hotel Edvard Grieg er en stolt samarbeidspartner ved inne-NM i Friidrett 2026 og vi ser frem til \u00e5 f\u00e5 ut\u00f8vere og trenere p\u00e5 bes\u00f8k helgen\u00a0 27. februar &#8211; 1. mars 2026.<br><br>Hotellavtalen gjelder fra torsdag 26. februar, for dem som \u00f8nsker komme dagen f\u00f8r stevnestart.<\/p>\n\n\n\n<p class=\"\">Link til informasjon om hotellet:&nbsp;<\/p>\n\n\n\n<p class=\"\"><a href=\"https:\/\/www.strawberry.no\/hotell\/norge\/bergen\/quality-hotel-edvard-grieg\/\" target=\"_blank\" rel=\"noreferrer noopener\">Quality Hotel Edvard Grieg<\/a><\/p>\n\n\n\n<p class=\"\"><strong>Priser for inne-NM 2026:&nbsp;<\/strong><\/p>\n\n\n\n<p class=\"\">Singelrom kr 1240 per rom per natt<\/p>\n\n\n\n<p class=\"\">Dobbeltrom kr 1440 per rom per natt<\/p>\n\n\n\n<p class=\"\">Trippelrom kr 1740 per rom per natt.&nbsp;<\/p>\n\n\n\n<p class=\"\">Deilig frokostbuffet med gode alternativer for sporty gjester er s\u00e5klart inkludert.&nbsp;<\/p>\n\n\n\n<p class=\"\"><strong>For \u00e5 bestille sender man en epost til Birte N\u00f8dset p\u00e5 Quality Hotel Edvard Grieg, epost&nbsp;<a href=\"mailto:booking.q.bergen@strawberry.no\" target=\"_blank\" rel=\"noreferrer noopener\">booking.q.bergen@strawberry.no<\/a>&nbsp;<\/strong><\/p>\n\n\n\n<p class=\"\">Skulle man trenge noen avklaringer ringer man 55 98 01 39 som er hennes direktenummer,&nbsp;<\/p>\n\n\n\n<p class=\"\">Det er begrenset med rom slik at det er f\u00f8rstemann til m\u00f8lla og bestillingsfrist er satt til 20 desember 2025 for \u00e5 v\u00e6re garantert avtaleprisene til inne-NM 2025.&nbsp;<\/p>\n\n\n\n<p class=\"\">Ved bestilling f\u00e5r man bekreftelse&nbsp;samt reduksjon og avbestillingsregler.&nbsp;<\/p>\n\n\n\n<p class=\"\">N\u00e6rmere ankomst vil det komme informasjon om bespisning p\u00e5 Quality Hotel Edvard Grieg, her er ikke alle detaljer avklart enda, men det vil v\u00e6re en l\u00f8sning for bespisning p\u00e5 kveldene under oppholdet.&nbsp;<\/p>\n","protected":false},"excerpt":{"rendered":"<p>Strawberry og Quality Hotel Edvard Grieg er en stolt samarbeidspartner ved inne-NM i Friidrett 2026 og vi ser frem til \u00e5 f\u00e5 ut\u00f8vere og trenere p\u00e5 bes\u00f8k helgen\u00a0 27. februar &#8211; 1. mars 2026.Hotellavtalen gjelder fra torsdag 26. februar, for dem som \u00f8nsker komme dagen f\u00f8r stevnestart. Link til informasjon om hotellet:&nbsp; Quality Hotel Edvard&#8230;<\/p>\n<div class=\"read-more\"><a href=\"https:\/\/gneist.org\/innenm2026\/om-stevnet\/\">Read More<\/a><\/div>\n","protected":false},"author":1,"featured_media":0,"parent":0,"menu_order":0,"comment_status":"closed","ping_status":"closed","template":"","meta":{"nf_dc_page":"","om_disable_all_campaigns":false,"_monsterinsights_skip_tracking":false,"_monsterinsights_sitenote_active":false,"_monsterinsights_sitenote_note":"","_monsterinsights_sitenote_category":0,"footnotes":""},"class_list":["post-29","page","type-page","status-publish","hentry"],"yoast_head":"<!-- This site is optimized with the Yoast SEO plugin v27.5 - https:\/\/yoast.com\/product\/yoast-seo-wordpress\/ -->\n<title>Overnatting - https:\/\/gneist.org\/innenm2026<\/title>\n<meta name=\"robots\" content=\"index, follow, max-snippet:-1, max-image-preview:large, max-video-preview:-1\" \/>\n<link rel=\"canonical\" href=\"https:\/\/gneist.org\/innenm2026\/om-stevnet\/\" \/>\n<meta property=\"og:locale\" content=\"nb_NO\" \/>\n<meta property=\"og:type\" content=\"article\" \/>\n<meta property=\"og:title\" content=\"Overnatting - https:\/\/gneist.org\/innenm2026\" \/>\n<meta property=\"og:description\" content=\"Strawberry og Quality Hotel Edvard Grieg er en stolt samarbeidspartner ved inne-NM i Friidrett 2026 og vi ser frem til \u00e5 f\u00e5 ut\u00f8vere og trenere p\u00e5 bes\u00f8k helgen\u00a0 27. februar &#8211; 1. mars 2026.Hotellavtalen gjelder fra torsdag 26. februar, for dem som \u00f8nsker komme dagen f\u00f8r stevnestart. Link til informasjon om hotellet:&nbsp; Quality Hotel Edvard...Read More\" \/>\n<meta property=\"og:url\" content=\"https:\/\/gneist.org\/innenm2026\/om-stevnet\/\" \/>\n<meta property=\"og:site_name\" content=\"https:\/\/gneist.org\/innenm2026\" \/>\n<meta property=\"article:modified_time\" content=\"2025-10-13T13:18:28+00:00\" \/>\n<meta property=\"og:image\" content=\"https:\/\/gneist.org\/innenm2026\/wp-content\/uploads\/2025\/09\/hotelfront-facade-summer-quality-hotel-edvard-grieg_1500-1024x683-1.webp\" \/>\n\t<meta property=\"og:image:width\" content=\"1024\" \/>\n\t<meta property=\"og:image:height\" content=\"683\" \/>\n\t<meta property=\"og:image:type\" content=\"image\/webp\" \/>\n<meta name=\"twitter:card\" content=\"summary_large_image\" \/>\n<meta name=\"twitter:label1\" content=\"Ansl. lesetid\" \/>\n\t<meta name=\"twitter:data1\" content=\"2 minutter\" \/>\n<script type=\"application\/ld+json\" class=\"yoast-schema-graph\">{\"@context\":\"https:\\\/\\\/schema.org\",\"@graph\":[{\"@type\":\"WebPage\",\"@id\":\"https:\\\/\\\/gneist.org\\\/innenm2026\\\/om-stevnet\\\/\",\"url\":\"https:\\\/\\\/gneist.org\\\/innenm2026\\\/om-stevnet\\\/\",\"name\":\"Overnatting - https:\\\/\\\/gneist.org\\\/innenm2026\",\"isPartOf\":{\"@id\":\"https:\\\/\\\/gneist.org\\\/innenm2026\\\/#website\"},\"primaryImageOfPage\":{\"@id\":\"https:\\\/\\\/gneist.org\\\/innenm2026\\\/om-stevnet\\\/#primaryimage\"},\"image\":{\"@id\":\"https:\\\/\\\/gneist.org\\\/innenm2026\\\/om-stevnet\\\/#primaryimage\"},\"thumbnailUrl\":\"https:\\\/\\\/gneist.org\\\/innenm2026\\\/wp-content\\\/uploads\\\/2025\\\/09\\\/hotelfront-facade-summer-quality-hotel-edvard-grieg_1500-1024x683-1.webp\",\"datePublished\":\"2025-09-13T19:41:08+00:00\",\"dateModified\":\"2025-10-13T13:18:28+00:00\",\"breadcrumb\":{\"@id\":\"https:\\\/\\\/gneist.org\\\/innenm2026\\\/om-stevnet\\\/#breadcrumb\"},\"inLanguage\":\"nb-NO\",\"potentialAction\":[{\"@type\":\"ReadAction\",\"target\":[\"https:\\\/\\\/gneist.org\\\/innenm2026\\\/om-stevnet\\\/\"]}]},{\"@type\":\"ImageObject\",\"inLanguage\":\"nb-NO\",\"@id\":\"https:\\\/\\\/gneist.org\\\/innenm2026\\\/om-stevnet\\\/#primaryimage\",\"url\":\"https:\\\/\\\/gneist.org\\\/innenm2026\\\/wp-content\\\/uploads\\\/2025\\\/09\\\/hotelfront-facade-summer-quality-hotel-edvard-grieg_1500-1024x683-1.webp\",\"contentUrl\":\"https:\\\/\\\/gneist.org\\\/innenm2026\\\/wp-content\\\/uploads\\\/2025\\\/09\\\/hotelfront-facade-summer-quality-hotel-edvard-grieg_1500-1024x683-1.webp\",\"width\":1024,\"height\":683},{\"@type\":\"BreadcrumbList\",\"@id\":\"https:\\\/\\\/gneist.org\\\/innenm2026\\\/om-stevnet\\\/#breadcrumb\",\"itemListElement\":[{\"@type\":\"ListItem\",\"position\":1,\"name\":\"Home\",\"item\":\"https:\\\/\\\/gneist.org\\\/innenm2026\\\/\"},{\"@type\":\"ListItem\",\"position\":2,\"name\":\"Overnatting\"}]},{\"@type\":\"WebSite\",\"@id\":\"https:\\\/\\\/gneist.org\\\/innenm2026\\\/#website\",\"url\":\"https:\\\/\\\/gneist.org\\\/innenm2026\\\/\",\"name\":\"https:\\\/\\\/gneist.org\\\/innenm2026\",\"description\":\"\",\"potentialAction\":[{\"@type\":\"SearchAction\",\"target\":{\"@type\":\"EntryPoint\",\"urlTemplate\":\"https:\\\/\\\/gneist.org\\\/innenm2026\\\/?s={search_term_string}\"},\"query-input\":{\"@type\":\"PropertyValueSpecification\",\"valueRequired\":true,\"valueName\":\"search_term_string\"}}],\"inLanguage\":\"nb-NO\"}]}<\/script>\n<!-- \/ Yoast SEO plugin. -->","yoast_head_json":{"title":"Overnatting - https:\/\/gneist.org\/innenm2026","robots":{"index":"index","follow":"follow","max-snippet":"max-snippet:-1","max-image-preview":"max-image-preview:large","max-video-preview":"max-video-preview:-1"},"canonical":"https:\/\/gneist.org\/innenm2026\/om-stevnet\/","og_locale":"nb_NO","og_type":"article","og_title":"Overnatting - https:\/\/gneist.org\/innenm2026","og_description":"Strawberry og Quality Hotel Edvard Grieg er en stolt samarbeidspartner ved inne-NM i Friidrett 2026 og vi ser frem til \u00e5 f\u00e5 ut\u00f8vere og trenere p\u00e5 bes\u00f8k helgen\u00a0 27. februar &#8211; 1. mars 2026.Hotellavtalen gjelder fra torsdag 26. februar, for dem som \u00f8nsker komme dagen f\u00f8r stevnestart. Link til informasjon om hotellet:&nbsp; Quality Hotel Edvard...Read More","og_url":"https:\/\/gneist.org\/innenm2026\/om-stevnet\/","og_site_name":"https:\/\/gneist.org\/innenm2026","article_modified_time":"2025-10-13T13:18:28+00:00","og_image":[{"width":1024,"height":683,"url":"https:\/\/gneist.org\/innenm2026\/wp-content\/uploads\/2025\/09\/hotelfront-facade-summer-quality-hotel-edvard-grieg_1500-1024x683-1.webp","type":"image\/webp"}],"twitter_card":"summary_large_image","twitter_misc":{"Ansl. lesetid":"2 minutter"},"schema":{"@context":"https:\/\/schema.org","@graph":[{"@type":"WebPage","@id":"https:\/\/gneist.org\/innenm2026\/om-stevnet\/","url":"https:\/\/gneist.org\/innenm2026\/om-stevnet\/","name":"Overnatting - https:\/\/gneist.org\/innenm2026","isPartOf":{"@id":"https:\/\/gneist.org\/innenm2026\/#website"},"primaryImageOfPage":{"@id":"https:\/\/gneist.org\/innenm2026\/om-stevnet\/#primaryimage"},"image":{"@id":"https:\/\/gneist.org\/innenm2026\/om-stevnet\/#primaryimage"},"thumbnailUrl":"https:\/\/gneist.org\/innenm2026\/wp-content\/uploads\/2025\/09\/hotelfront-facade-summer-quality-hotel-edvard-grieg_1500-1024x683-1.webp","datePublished":"2025-09-13T19:41:08+00:00","dateModified":"2025-10-13T13:18:28+00:00","breadcrumb":{"@id":"https:\/\/gneist.org\/innenm2026\/om-stevnet\/#breadcrumb"},"inLanguage":"nb-NO","potentialAction":[{"@type":"ReadAction","target":["https:\/\/gneist.org\/innenm2026\/om-stevnet\/"]}]},{"@type":"ImageObject","inLanguage":"nb-NO","@id":"https:\/\/gneist.org\/innenm2026\/om-stevnet\/#primaryimage","url":"https:\/\/gneist.org\/innenm2026\/wp-content\/uploads\/2025\/09\/hotelfront-facade-summer-quality-hotel-edvard-grieg_1500-1024x683-1.webp","contentUrl":"https:\/\/gneist.org\/innenm2026\/wp-content\/uploads\/2025\/09\/hotelfront-facade-summer-quality-hotel-edvard-grieg_1500-1024x683-1.webp","width":1024,"height":683},{"@type":"BreadcrumbList","@id":"https:\/\/gneist.org\/innenm2026\/om-stevnet\/#breadcrumb","itemListElement":[{"@type":"ListItem","position":1,"name":"Home","item":"https:\/\/gneist.org\/innenm2026\/"},{"@type":"ListItem","position":2,"name":"Overnatting"}]},{"@type":"WebSite","@id":"https:\/\/gneist.org\/innenm2026\/#website","url":"https:\/\/gneist.org\/innenm2026\/","name":"https:\/\/gneist.org\/innenm2026","description":"","potentialAction":[{"@type":"SearchAction","target":{"@type":"EntryPoint","urlTemplate":"https:\/\/gneist.org\/innenm2026\/?s={search_term_string}"},"query-input":{"@type":"PropertyValueSpecification","valueRequired":true,"valueName":"search_term_string"}}],"inLanguage":"nb-NO"}]}},"_links":{"self":[{"href":"https:\/\/gneist.org\/innenm2026\/wp-json\/wp\/v2\/pages\/29","targetHints":{"allow":["GET"]}}],"collection":[{"href":"https:\/\/gneist.org\/innenm2026\/wp-json\/wp\/v2\/pages"}],"about":[{"href":"https:\/\/gneist.org\/innenm2026\/wp-json\/wp\/v2\/types\/page"}],"author":[{"embeddable":true,"href":"https:\/\/gneist.org\/innenm2026\/wp-json\/wp\/v2\/users\/1"}],"replies":[{"embeddable":true,"href":"https:\/\/gneist.org\/innenm2026\/wp-json\/wp\/v2\/comments?post=29"}],"version-history":[{"count":5,"href":"https:\/\/gneist.org\/innenm2026\/wp-json\/wp\/v2\/pages\/29\/revisions"}],"predecessor-version":[{"id":71,"href":"https:\/\/gneist.org\/innenm2026\/wp-json\/wp\/v2\/pages\/29\/revisions\/71"}],"wp:attachment":[{"href":"https:\/\/gneist.org\/innenm2026\/wp-json\/wp\/v2\/media?parent=29"}],"curies":[{"name":"wp","href":"https:\/\/api.w.org\/{rel}","templated":true}]}}

<figure class="wp-block-image size-full"><img decoding="async" width="1024" height="683" loading="lazy" src="https://gneist.org/innenm2026/wp-content/uploads/2025/09/hotelfront-facade-summer-quality-hotel-edvard-grieg_1500-1024x683-1.webp" alt="" class="wp-image-57" srcset="https://gneist.org/innenm2026/wp-content/uploads/2025/09/hotelfront-facade-summer-quality-hotel-edvard-grieg_1500-1024x683-1.webp 1024w, https://gneist.org/innenm2026/wp-content/uploads/2025/09/hotelfront-facade-summer-quality-hotel-edvard-grieg_1500-1024x683-1-300x200.webp 300w, https://gneist.org/innenm2026/wp-content/uploads/2025/09/hotelfront-facade-summer-quality-hotel-edvard-grieg_1500-1024x683-1-768x512.webp 768w" sizes="auto, (max-width: 1024px) 100vw, 1024px" /></figure>



<p class="">Strawberry og Quality Hotel Edvard Grieg er en stolt samarbeidspartner ved inne-NM i Friidrett 2026 og vi ser frem til å få utøvere og trenere på besøk helgen  27. februar &#8211; 1. mars 2026.<br><br>Hotellavtalen gjelder fra torsdag 26. februar, for dem som ønsker komme dagen før stevnestart.</p>



<p class="">Link til informasjon om hotellet:&nbsp;</p>



<p class=""><a href="https://www.strawberry.no/hotell/norge/bergen/quality-hotel-edvard-grieg/" target="_blank" rel="noreferrer noopener">Quality Hotel Edvard Grieg</a></p>



<p class=""><strong>Priser for inne-NM 2026:&nbsp;</strong></p>



<p class="">Singelrom kr 1240 per rom per natt</p>



<p class="">Dobbeltrom kr 1440 per rom per natt</p>



<p class="">Trippelrom kr 1740 per rom per natt.&nbsp;</p>



<p class="">Deilig frokostbuffet med gode alternativer for sporty gjester er såklart inkludert.&nbsp;</p>



<p class=""><strong>For å bestille sender man en epost til Birte Nødset på Quality Hotel Edvard Grieg, epost&nbsp;<a href="mailto:booking.q.bergen@strawberry.no" target="_blank" rel="noreferrer noopener">booking.q.bergen@strawberry.no</a>&nbsp;</strong></p>



<p class="">Skulle man trenge noen avklaringer ringer man 55 98 01 39 som er hennes direktenummer,&nbsp;</p>



<p class="">Det er begrenset med rom slik at det er førstemann til mølla og bestillingsfrist er satt til 20 desember 2025 for å være garantert avtaleprisene til inne-NM 2025.&nbsp;</p>



<p class="">Ved bestilling får man bekreftelse&nbsp;samt reduksjon og avbestillingsregler.&nbsp;</p>



<p class="">Nærmere ankomst vil det komme informasjon om bespisning på Quality Hotel Edvard Grieg, her er ikke alle detaljer avklart enda, men det vil være en løsning for bespisning på kveldene under oppholdet.&nbsp;</p>

<p>Strawberry og Quality Hotel Edvard Grieg er en stolt samarbeidspartner ved inne-NM i Friidrett 2026 og vi ser frem til å få utøvere og trenere på besøk helgen  27. februar &#8211; 1. mars 2026.Hotellavtalen gjelder fra torsdag 26. februar, for dem som ønsker komme dagen før stevnestart. Link til informasjon om hotellet:&nbsp; Quality Hotel Edvard&#8230;</p>
<div class="read-more"><a href="https://gneist.org/innenm2026/om-stevnet/">Read More</a></div>

<!-- This site is optimized with the Yoast SEO plugin v27.5 - https://yoast.com/product/yoast-seo-wordpress/ -->
<title>Overnatting - https://gneist.org/innenm2026</title>
<meta name="robots" content="index, follow, max-snippet:-1, max-image-preview:large, max-video-preview:-1" />
<link rel="canonical" href="https://gneist.org/innenm2026/om-stevnet/" />
<meta property="og:locale" content="nb_NO" />
<meta property="og:type" content="article" />
<meta property="og:title" content="Overnatting - https://gneist.org/innenm2026" />
<meta property="og:description" content="Strawberry og Quality Hotel Edvard Grieg er en stolt samarbeidspartner ved inne-NM i Friidrett 2026 og vi ser frem til å få utøvere og trenere på besøk helgen  27. februar &#8211; 1. mars 2026.Hotellavtalen gjelder fra torsdag 26. februar, for dem som ønsker komme dagen før stevnestart. Link til informasjon om hotellet:&nbsp; Quality Hotel Edvard...Read More" />
<meta property="og:url" content="https://gneist.org/innenm2026/om-stevnet/" />
<meta property="og:site_name" content="https://gneist.org/innenm2026" />
<meta property="article:modified_time" content="2025-10-13T13:18:28+00:00" />
<meta property="og:image" content="https://gneist.org/innenm2026/wp-content/uploads/2025/09/hotelfront-facade-summer-quality-hotel-edvard-grieg_1500-1024x683-1.webp" />
	<meta property="og:image:width" content="1024" />
	<meta property="og:image:height" content="683" />
	<meta property="og:image:type" content="image/webp" />
<meta name="twitter:card" content="summary_large_image" />
<meta name="twitter:label1" content="Ansl. lesetid" />
	<meta name="twitter:data1" content="2 minutter" />
<script type="application/ld+json" class="yoast-schema-graph">{"@context":"https:\/\/schema.org","@graph":[{"@type":"WebPage","@id":"https:\/\/gneist.org\/innenm2026\/om-stevnet\/","url":"https:\/\/gneist.org\/innenm2026\/om-stevnet\/","name":"Overnatting - https:\/\/gneist.org\/innenm2026","isPartOf":{"@id":"https:\/\/gneist.org\/innenm2026\/#website"},"primaryImageOfPage":{"@id":"https:\/\/gneist.org\/innenm2026\/om-stevnet\/#primaryimage"},"image":{"@id":"https:\/\/gneist.org\/innenm2026\/om-stevnet\/#primaryimage"},"thumbnailUrl":"https:\/\/gneist.org\/innenm2026\/wp-content\/uploads\/2025\/09\/hotelfront-facade-summer-quality-hotel-edvard-grieg_1500-1024x683-1.webp","datePublished":"2025-09-13T19:41:08+00:00","dateModified":"2025-10-13T13:18:28+00:00","breadcrumb":{"@id":"https:\/\/gneist.org\/innenm2026\/om-stevnet\/#breadcrumb"},"inLanguage":"nb-NO","potentialAction":[{"@type":"ReadAction","target":["https:\/\/gneist.org\/innenm2026\/om-stevnet\/"]}]},{"@type":"ImageObject","inLanguage":"nb-NO","@id":"https:\/\/gneist.org\/innenm2026\/om-stevnet\/#primaryimage","url":"https:\/\/gneist.org\/innenm2026\/wp-content\/uploads\/2025\/09\/hotelfront-facade-summer-quality-hotel-edvard-grieg_1500-1024x683-1.webp","contentUrl":"https:\/\/gneist.org\/innenm2026\/wp-content\/uploads\/2025\/09\/hotelfront-facade-summer-quality-hotel-edvard-grieg_1500-1024x683-1.webp","width":1024,"height":683},{"@type":"BreadcrumbList","@id":"https:\/\/gneist.org\/innenm2026\/om-stevnet\/#breadcrumb","itemListElement":[{"@type":"ListItem","position":1,"name":"Home","item":"https:\/\/gneist.org\/innenm2026\/"},{"@type":"ListItem","position":2,"name":"Overnatting"}]},{"@type":"WebSite","@id":"https:\/\/gneist.org\/innenm2026\/#website","url":"https:\/\/gneist.org\/innenm2026\/","name":"https:\/\/gneist.org\/innenm2026","description":"","potentialAction":[{"@type":"SearchAction","target":{"@type":"EntryPoint","urlTemplate":"https:\/\/gneist.org\/innenm2026\/?s={search_term_string}"},"query-input":{"@type":"PropertyValueSpecification","valueRequired":true,"valueName":"search_term_string"}}],"inLanguage":"nb-NO"}]}</script>
<!-- / Yoast SEO plugin. -->

Strawberry og Quality Hotel Edvard Grieg er en stolt samarbeidspartner ved inne-NM i Friidrett 2026 og vi ser frem til å få utøvere og trenere på besøk helgen  27. februar &#8211; 1. mars 2026.Hotellavtalen gjelder fra torsdag 26. februar, for dem som ønsker komme dagen før stevnestart. Link til informasjon om hotellet:&nbsp; Quality Hotel Edvard...Read More
