{"id":37,"date":"2025-09-13T19:43:03","date_gmt":"2025-09-13T19:43:03","guid":{"rendered":"https:\/\/gneist.org\/innenm2026\/?page_id=37"},"modified":"2026-02-20T16:54:43","modified_gmt":"2026-02-20T16:54:43","slug":"presse-og-media","status":"publish","type":"page","link":"https:\/\/gneist.org\/innenm2026\/presse-og-media\/","title":{"rendered":"Presse og media"},"content":{"rendered":"\n<p class=\"\">Under inne-NM blir det opprettet et pressesenter i Gneist Arena (3. etasje) med tilgang p\u00e5 internett. Her vil ogs\u00e5 v\u00e6re enkel servering (funksjon\u00e6rmat) under hele stevnet. <br><br>Alle m\u00e5 s\u00f8ke akkreditering, kun et begrenset antall fotografer f\u00e5r komme inn p\u00e5 indre bane.<br><br>V\u00e5r presseansvarlig Stig Arve Vangsnes (telefon 93407147\/e-mail svangsne@online.no) styrer logistikk og er kontaktperson for presse\/media under mesterskapet.<br><br><br><\/p>\n","protected":false},"excerpt":{"rendered":"<p>Under inne-NM blir det opprettet et pressesenter i Gneist Arena (3. etasje) med tilgang p\u00e5 internett. Her vil ogs\u00e5 v\u00e6re enkel servering (funksjon\u00e6rmat) under hele stevnet. Alle m\u00e5 s\u00f8ke akkreditering, kun et begrenset antall fotografer f\u00e5r komme inn p\u00e5 indre bane.V\u00e5r presseansvarlig Stig Arve Vangsnes (telefon 93407147\/e-mail svangsne@online.no) styrer logistikk og er kontaktperson for presse\/media&#8230;<\/p>\n<div class=\"read-more\"><a href=\"https:\/\/gneist.org\/innenm2026\/presse-og-media\/\">Read More<\/a><\/div>\n","protected":false},"author":1,"featured_media":0,"parent":0,"menu_order":0,"comment_status":"closed","ping_status":"closed","template":"","meta":{"nf_dc_page":"","om_disable_all_campaigns":false,"_monsterinsights_skip_tracking":false,"_monsterinsights_sitenote_active":false,"_monsterinsights_sitenote_note":"","_monsterinsights_sitenote_category":0,"footnotes":""},"class_list":["post-37","page","type-page","status-publish","hentry"],"yoast_head":"<!-- This site is optimized with the Yoast SEO plugin v27.5 - https:\/\/yoast.com\/product\/yoast-seo-wordpress\/ -->\n<title>Presse og media - https:\/\/gneist.org\/innenm2026<\/title>\n<meta name=\"robots\" content=\"index, follow, max-snippet:-1, max-image-preview:large, max-video-preview:-1\" \/>\n<link rel=\"canonical\" href=\"https:\/\/gneist.org\/innenm2026\/presse-og-media\/\" \/>\n<meta property=\"og:locale\" content=\"nb_NO\" \/>\n<meta property=\"og:type\" content=\"article\" \/>\n<meta property=\"og:title\" content=\"Presse og media - https:\/\/gneist.org\/innenm2026\" \/>\n<meta property=\"og:description\" content=\"Under inne-NM blir det opprettet et pressesenter i Gneist Arena (3. etasje) med tilgang p\u00e5 internett. Her vil ogs\u00e5 v\u00e6re enkel servering (funksjon\u00e6rmat) under hele stevnet. Alle m\u00e5 s\u00f8ke akkreditering, kun et begrenset antall fotografer f\u00e5r komme inn p\u00e5 indre bane.V\u00e5r presseansvarlig Stig Arve Vangsnes (telefon 93407147\/e-mail svangsne@online.no) styrer logistikk og er kontaktperson for presse\/media...Read More\" \/>\n<meta property=\"og:url\" content=\"https:\/\/gneist.org\/innenm2026\/presse-og-media\/\" \/>\n<meta property=\"og:site_name\" content=\"https:\/\/gneist.org\/innenm2026\" \/>\n<meta property=\"article:modified_time\" content=\"2026-02-20T16:54:43+00:00\" \/>\n<meta name=\"twitter:card\" content=\"summary_large_image\" \/>\n<meta name=\"twitter:label1\" content=\"Ansl. lesetid\" \/>\n\t<meta name=\"twitter:data1\" content=\"1 minutt\" \/>\n<script type=\"application\/ld+json\" class=\"yoast-schema-graph\">{\"@context\":\"https:\\\/\\\/schema.org\",\"@graph\":[{\"@type\":\"WebPage\",\"@id\":\"https:\\\/\\\/gneist.org\\\/innenm2026\\\/presse-og-media\\\/\",\"url\":\"https:\\\/\\\/gneist.org\\\/innenm2026\\\/presse-og-media\\\/\",\"name\":\"Presse og media - https:\\\/\\\/gneist.org\\\/innenm2026\",\"isPartOf\":{\"@id\":\"https:\\\/\\\/gneist.org\\\/innenm2026\\\/#website\"},\"datePublished\":\"2025-09-13T19:43:03+00:00\",\"dateModified\":\"2026-02-20T16:54:43+00:00\",\"breadcrumb\":{\"@id\":\"https:\\\/\\\/gneist.org\\\/innenm2026\\\/presse-og-media\\\/#breadcrumb\"},\"inLanguage\":\"nb-NO\",\"potentialAction\":[{\"@type\":\"ReadAction\",\"target\":[\"https:\\\/\\\/gneist.org\\\/innenm2026\\\/presse-og-media\\\/\"]}]},{\"@type\":\"BreadcrumbList\",\"@id\":\"https:\\\/\\\/gneist.org\\\/innenm2026\\\/presse-og-media\\\/#breadcrumb\",\"itemListElement\":[{\"@type\":\"ListItem\",\"position\":1,\"name\":\"Home\",\"item\":\"https:\\\/\\\/gneist.org\\\/innenm2026\\\/\"},{\"@type\":\"ListItem\",\"position\":2,\"name\":\"Presse og media\"}]},{\"@type\":\"WebSite\",\"@id\":\"https:\\\/\\\/gneist.org\\\/innenm2026\\\/#website\",\"url\":\"https:\\\/\\\/gneist.org\\\/innenm2026\\\/\",\"name\":\"https:\\\/\\\/gneist.org\\\/innenm2026\",\"description\":\"\",\"potentialAction\":[{\"@type\":\"SearchAction\",\"target\":{\"@type\":\"EntryPoint\",\"urlTemplate\":\"https:\\\/\\\/gneist.org\\\/innenm2026\\\/?s={search_term_string}\"},\"query-input\":{\"@type\":\"PropertyValueSpecification\",\"valueRequired\":true,\"valueName\":\"search_term_string\"}}],\"inLanguage\":\"nb-NO\"}]}<\/script>\n<!-- \/ Yoast SEO plugin. -->","yoast_head_json":{"title":"Presse og media - https:\/\/gneist.org\/innenm2026","robots":{"index":"index","follow":"follow","max-snippet":"max-snippet:-1","max-image-preview":"max-image-preview:large","max-video-preview":"max-video-preview:-1"},"canonical":"https:\/\/gneist.org\/innenm2026\/presse-og-media\/","og_locale":"nb_NO","og_type":"article","og_title":"Presse og media - https:\/\/gneist.org\/innenm2026","og_description":"Under inne-NM blir det opprettet et pressesenter i Gneist Arena (3. etasje) med tilgang p\u00e5 internett. Her vil ogs\u00e5 v\u00e6re enkel servering (funksjon\u00e6rmat) under hele stevnet. Alle m\u00e5 s\u00f8ke akkreditering, kun et begrenset antall fotografer f\u00e5r komme inn p\u00e5 indre bane.V\u00e5r presseansvarlig Stig Arve Vangsnes (telefon 93407147\/e-mail svangsne@online.no) styrer logistikk og er kontaktperson for presse\/media...Read More","og_url":"https:\/\/gneist.org\/innenm2026\/presse-og-media\/","og_site_name":"https:\/\/gneist.org\/innenm2026","article_modified_time":"2026-02-20T16:54:43+00:00","twitter_card":"summary_large_image","twitter_misc":{"Ansl. lesetid":"1 minutt"},"schema":{"@context":"https:\/\/schema.org","@graph":[{"@type":"WebPage","@id":"https:\/\/gneist.org\/innenm2026\/presse-og-media\/","url":"https:\/\/gneist.org\/innenm2026\/presse-og-media\/","name":"Presse og media - https:\/\/gneist.org\/innenm2026","isPartOf":{"@id":"https:\/\/gneist.org\/innenm2026\/#website"},"datePublished":"2025-09-13T19:43:03+00:00","dateModified":"2026-02-20T16:54:43+00:00","breadcrumb":{"@id":"https:\/\/gneist.org\/innenm2026\/presse-og-media\/#breadcrumb"},"inLanguage":"nb-NO","potentialAction":[{"@type":"ReadAction","target":["https:\/\/gneist.org\/innenm2026\/presse-og-media\/"]}]},{"@type":"BreadcrumbList","@id":"https:\/\/gneist.org\/innenm2026\/presse-og-media\/#breadcrumb","itemListElement":[{"@type":"ListItem","position":1,"name":"Home","item":"https:\/\/gneist.org\/innenm2026\/"},{"@type":"ListItem","position":2,"name":"Presse og media"}]},{"@type":"WebSite","@id":"https:\/\/gneist.org\/innenm2026\/#website","url":"https:\/\/gneist.org\/innenm2026\/","name":"https:\/\/gneist.org\/innenm2026","description":"","potentialAction":[{"@type":"SearchAction","target":{"@type":"EntryPoint","urlTemplate":"https:\/\/gneist.org\/innenm2026\/?s={search_term_string}"},"query-input":{"@type":"PropertyValueSpecification","valueRequired":true,"valueName":"search_term_string"}}],"inLanguage":"nb-NO"}]}},"_links":{"self":[{"href":"https:\/\/gneist.org\/innenm2026\/wp-json\/wp\/v2\/pages\/37","targetHints":{"allow":["GET"]}}],"collection":[{"href":"https:\/\/gneist.org\/innenm2026\/wp-json\/wp\/v2\/pages"}],"about":[{"href":"https:\/\/gneist.org\/innenm2026\/wp-json\/wp\/v2\/types\/page"}],"author":[{"embeddable":true,"href":"https:\/\/gneist.org\/innenm2026\/wp-json\/wp\/v2\/users\/1"}],"replies":[{"embeddable":true,"href":"https:\/\/gneist.org\/innenm2026\/wp-json\/wp\/v2\/comments?post=37"}],"version-history":[{"count":3,"href":"https:\/\/gneist.org\/innenm2026\/wp-json\/wp\/v2\/pages\/37\/revisions"}],"predecessor-version":[{"id":200,"href":"https:\/\/gneist.org\/innenm2026\/wp-json\/wp\/v2\/pages\/37\/revisions\/200"}],"wp:attachment":[{"href":"https:\/\/gneist.org\/innenm2026\/wp-json\/wp\/v2\/media?parent=37"}],"curies":[{"name":"wp","href":"https:\/\/api.w.org\/{rel}","templated":true}]}}

<p class="">Under inne-NM blir det opprettet et pressesenter i Gneist Arena (3. etasje) med tilgang på internett. Her vil også være enkel servering (funksjonærmat) under hele stevnet. <br><br>Alle må søke akkreditering, kun et begrenset antall fotografer får komme inn på indre bane.<br><br>Vår presseansvarlig Stig Arve Vangsnes (telefon 93407147/e-mail svangsne@online.no) styrer logistikk og er kontaktperson for presse/media under mesterskapet.<br><br><br></p>

<p>Under inne-NM blir det opprettet et pressesenter i Gneist Arena (3. etasje) med tilgang på internett. Her vil også være enkel servering (funksjonærmat) under hele stevnet. Alle må søke akkreditering, kun et begrenset antall fotografer får komme inn på indre bane.Vår presseansvarlig Stig Arve Vangsnes (telefon 93407147/e-mail svangsne@online.no) styrer logistikk og er kontaktperson for presse/media&#8230;</p>
<div class="read-more"><a href="https://gneist.org/innenm2026/presse-og-media/">Read More</a></div>

<!-- This site is optimized with the Yoast SEO plugin v27.5 - https://yoast.com/product/yoast-seo-wordpress/ -->
<title>Presse og media - https://gneist.org/innenm2026</title>
<meta name="robots" content="index, follow, max-snippet:-1, max-image-preview:large, max-video-preview:-1" />
<link rel="canonical" href="https://gneist.org/innenm2026/presse-og-media/" />
<meta property="og:locale" content="nb_NO" />
<meta property="og:type" content="article" />
<meta property="og:title" content="Presse og media - https://gneist.org/innenm2026" />
<meta property="og:description" content="Under inne-NM blir det opprettet et pressesenter i Gneist Arena (3. etasje) med tilgang på internett. Her vil også være enkel servering (funksjonærmat) under hele stevnet. Alle må søke akkreditering, kun et begrenset antall fotografer får komme inn på indre bane.Vår presseansvarlig Stig Arve Vangsnes (telefon 93407147/e-mail svangsne@online.no) styrer logistikk og er kontaktperson for presse/media...Read More" />
<meta property="og:url" content="https://gneist.org/innenm2026/presse-og-media/" />
<meta property="og:site_name" content="https://gneist.org/innenm2026" />
<meta property="article:modified_time" content="2026-02-20T16:54:43+00:00" />
<meta name="twitter:card" content="summary_large_image" />
<meta name="twitter:label1" content="Ansl. lesetid" />
	<meta name="twitter:data1" content="1 minutt" />
<script type="application/ld+json" class="yoast-schema-graph">{"@context":"https:\/\/schema.org","@graph":[{"@type":"WebPage","@id":"https:\/\/gneist.org\/innenm2026\/presse-og-media\/","url":"https:\/\/gneist.org\/innenm2026\/presse-og-media\/","name":"Presse og media - https:\/\/gneist.org\/innenm2026","isPartOf":{"@id":"https:\/\/gneist.org\/innenm2026\/#website"},"datePublished":"2025-09-13T19:43:03+00:00","dateModified":"2026-02-20T16:54:43+00:00","breadcrumb":{"@id":"https:\/\/gneist.org\/innenm2026\/presse-og-media\/#breadcrumb"},"inLanguage":"nb-NO","potentialAction":[{"@type":"ReadAction","target":["https:\/\/gneist.org\/innenm2026\/presse-og-media\/"]}]},{"@type":"BreadcrumbList","@id":"https:\/\/gneist.org\/innenm2026\/presse-og-media\/#breadcrumb","itemListElement":[{"@type":"ListItem","position":1,"name":"Home","item":"https:\/\/gneist.org\/innenm2026\/"},{"@type":"ListItem","position":2,"name":"Presse og media"}]},{"@type":"WebSite","@id":"https:\/\/gneist.org\/innenm2026\/#website","url":"https:\/\/gneist.org\/innenm2026\/","name":"https:\/\/gneist.org\/innenm2026","description":"","potentialAction":[{"@type":"SearchAction","target":{"@type":"EntryPoint","urlTemplate":"https:\/\/gneist.org\/innenm2026\/?s={search_term_string}"},"query-input":{"@type":"PropertyValueSpecification","valueRequired":true,"valueName":"search_term_string"}}],"inLanguage":"nb-NO"}]}</script>
<!-- / Yoast SEO plugin. -->

Under inne-NM blir det opprettet et pressesenter i Gneist Arena (3. etasje) med tilgang på internett. Her vil også være enkel servering (funksjonærmat) under hele stevnet. Alle må søke akkreditering, kun et begrenset antall fotografer får komme inn på indre bane.Vår presseansvarlig Stig Arve Vangsnes (telefon 93407147/e-mail svangsne@online.no) styrer logistikk og er kontaktperson for presse/media...Read More
