{"id":152,"date":"2025-06-17T08:21:51","date_gmt":"2025-06-17T08:21:51","guid":{"rendered":"https:\/\/gneist.org\/website_f29aed9f\/?page_id=152"},"modified":"2025-08-13T19:05:30","modified_gmt":"2025-08-13T19:05:30","slug":"fana-stadion-gneist-arena","status":"publish","type":"page","link":"https:\/\/gneist.org\/website_f29aed9f\/om-stevnet\/fana-stadion-gneist-arena\/","title":{"rendered":"Fana stadion"},"content":{"rendered":"\n<figure class=\"wp-block-image size-large\"><img loading=\"lazy\" decoding=\"async\" width=\"1024\" height=\"724\" src=\"https:\/\/gneist.org\/website_f29aed9f\/wp-content\/uploads\/2025\/07\/Oversiktskart-Fana-stadion-junior-NM-2025-1024x724.jpg\" alt=\"\" class=\"wp-image-246\" srcset=\"https:\/\/gneist.org\/website_f29aed9f\/wp-content\/uploads\/2025\/07\/Oversiktskart-Fana-stadion-junior-NM-2025-1024x724.jpg 1024w, https:\/\/gneist.org\/website_f29aed9f\/wp-content\/uploads\/2025\/07\/Oversiktskart-Fana-stadion-junior-NM-2025-300x212.jpg 300w, https:\/\/gneist.org\/website_f29aed9f\/wp-content\/uploads\/2025\/07\/Oversiktskart-Fana-stadion-junior-NM-2025-768x543.jpg 768w, https:\/\/gneist.org\/website_f29aed9f\/wp-content\/uploads\/2025\/07\/Oversiktskart-Fana-stadion-junior-NM-2025-1536x1086.jpg 1536w, https:\/\/gneist.org\/website_f29aed9f\/wp-content\/uploads\/2025\/07\/Oversiktskart-Fana-stadion-junior-NM-2025-600x424.jpg 600w, https:\/\/gneist.org\/website_f29aed9f\/wp-content\/uploads\/2025\/07\/Oversiktskart-Fana-stadion-junior-NM-2025.jpg 2000w\" sizes=\"auto, (max-width: 1024px) 100vw, 1024px\" \/><\/figure>\n\n\n\n<p class=\"\"><strong>Adresse:<\/strong> Grimseidvegen 60, 5239 R\u00e5dal<\/p>\n\n\n\n<p class=\"\"><strong>Fasiliteter: <\/strong><br>&#8211; \u00c5tte l\u00f8pebaner<br>&#8211; To kuleringer <br>&#8211; To h\u00f8ydematter<br>&#8211; Fire lengdegroper p\u00e5 stadion i tillegg til en ekstra p\u00e5 toppen av tribunen<br>&#8211; Kast-ring til lange kast<br>&#8211; Garderober, dusj og toalett<br>&#8211; Administrasjonsbygg<br>&#8211; To tidtakeranlegg, slik at det er mulig \u00e5 snu start p\u00e5 sprint\u00f8velser<\/p>\n\n\n\n<p class=\"\"><strong>Parkering: <\/strong>det vil <strong>ikke<\/strong> v\u00e6re mulig \u00e5 parkere utenfor Fana stadion under junior NM, kun p\u00e5 grusbanen p\u00e5 andre siden av veien (se mer informasjon under &#8220;lag og publikum&#8221; -&gt; parkering. Unntaket er inviterte og lederne av hovedkomite, samt stevneleder og assisterende stevneleder. Det er mulighet for handicap parkering utenfor Fana stadion. Har du behov for dette m\u00e5 dette avklares i forkant med Maike: prosjekt.friidrett@gneist.no<\/p>\n\n\n\n<p class=\"\"><strong>Oversiktskart: <\/strong><\/p>\n\n\n\n<figure class=\"wp-block-image size-large\"><img loading=\"lazy\" decoding=\"async\" width=\"1024\" height=\"724\" src=\"https:\/\/gneist.org\/website_f29aed9f\/wp-content\/uploads\/2025\/08\/Oversiktskart-Fana-stadion-junior-NM-2025-1-1024x724.jpg\" alt=\"\" class=\"wp-image-367\" srcset=\"https:\/\/gneist.org\/website_f29aed9f\/wp-content\/uploads\/2025\/08\/Oversiktskart-Fana-stadion-junior-NM-2025-1-1024x724.jpg 1024w, https:\/\/gneist.org\/website_f29aed9f\/wp-content\/uploads\/2025\/08\/Oversiktskart-Fana-stadion-junior-NM-2025-1-300x212.jpg 300w, https:\/\/gneist.org\/website_f29aed9f\/wp-content\/uploads\/2025\/08\/Oversiktskart-Fana-stadion-junior-NM-2025-1-768x543.jpg 768w, https:\/\/gneist.org\/website_f29aed9f\/wp-content\/uploads\/2025\/08\/Oversiktskart-Fana-stadion-junior-NM-2025-1-1536x1086.jpg 1536w, https:\/\/gneist.org\/website_f29aed9f\/wp-content\/uploads\/2025\/08\/Oversiktskart-Fana-stadion-junior-NM-2025-1-600x424.jpg 600w, https:\/\/gneist.org\/website_f29aed9f\/wp-content\/uploads\/2025\/08\/Oversiktskart-Fana-stadion-junior-NM-2025-1.jpg 2000w\" sizes=\"auto, (max-width: 1024px) 100vw, 1024px\" \/><\/figure>\n\n\n\n<figure class=\"wp-block-image size-large\"><img loading=\"lazy\" decoding=\"async\" width=\"1024\" height=\"724\" src=\"https:\/\/gneist.org\/website_f29aed9f\/wp-content\/uploads\/2025\/07\/3-1024x724.jpg\" alt=\"\" class=\"wp-image-273\" srcset=\"https:\/\/gneist.org\/website_f29aed9f\/wp-content\/uploads\/2025\/07\/3-1024x724.jpg 1024w, https:\/\/gneist.org\/website_f29aed9f\/wp-content\/uploads\/2025\/07\/3-300x212.jpg 300w, https:\/\/gneist.org\/website_f29aed9f\/wp-content\/uploads\/2025\/07\/3-768x543.jpg 768w, https:\/\/gneist.org\/website_f29aed9f\/wp-content\/uploads\/2025\/07\/3-1536x1086.jpg 1536w, https:\/\/gneist.org\/website_f29aed9f\/wp-content\/uploads\/2025\/07\/3-600x424.jpg 600w, https:\/\/gneist.org\/website_f29aed9f\/wp-content\/uploads\/2025\/07\/3.jpg 2000w\" sizes=\"auto, (max-width: 1024px) 100vw, 1024px\" \/><\/figure>\n\n\n\n<p class=\"\"><em>Hvilken lengdegrop som blir benyttet under konkurranse avhenger av vindretning. <\/em><\/p>\n\n\n\n<figure class=\"wp-block-image size-large\"><img loading=\"lazy\" decoding=\"async\" width=\"1024\" height=\"724\" src=\"https:\/\/gneist.org\/website_f29aed9f\/wp-content\/uploads\/2025\/08\/10-1024x724.png\" alt=\"\" class=\"wp-image-404\" srcset=\"https:\/\/gneist.org\/website_f29aed9f\/wp-content\/uploads\/2025\/08\/10-1024x724.png 1024w, https:\/\/gneist.org\/website_f29aed9f\/wp-content\/uploads\/2025\/08\/10-300x212.png 300w, https:\/\/gneist.org\/website_f29aed9f\/wp-content\/uploads\/2025\/08\/10-768x543.png 768w, https:\/\/gneist.org\/website_f29aed9f\/wp-content\/uploads\/2025\/08\/10-1536x1086.png 1536w, https:\/\/gneist.org\/website_f29aed9f\/wp-content\/uploads\/2025\/08\/10-600x424.png 600w, https:\/\/gneist.org\/website_f29aed9f\/wp-content\/uploads\/2025\/08\/10.png 2000w\" sizes=\"auto, (max-width: 1024px) 100vw, 1024px\" \/><\/figure>\n\n\n\n<figure class=\"wp-block-image size-large\"><img loading=\"lazy\" decoding=\"async\" width=\"1024\" height=\"724\" src=\"https:\/\/gneist.org\/website_f29aed9f\/wp-content\/uploads\/2025\/07\/2-1024x724.jpg\" alt=\"\" class=\"wp-image-274\" srcset=\"https:\/\/gneist.org\/website_f29aed9f\/wp-content\/uploads\/2025\/07\/2-1024x724.jpg 1024w, https:\/\/gneist.org\/website_f29aed9f\/wp-content\/uploads\/2025\/07\/2-300x212.jpg 300w, https:\/\/gneist.org\/website_f29aed9f\/wp-content\/uploads\/2025\/07\/2-768x543.jpg 768w, https:\/\/gneist.org\/website_f29aed9f\/wp-content\/uploads\/2025\/07\/2-1536x1086.jpg 1536w, https:\/\/gneist.org\/website_f29aed9f\/wp-content\/uploads\/2025\/07\/2-600x424.jpg 600w, https:\/\/gneist.org\/website_f29aed9f\/wp-content\/uploads\/2025\/07\/2.jpg 2000w\" sizes=\"auto, (max-width: 1024px) 100vw, 1024px\" \/><\/figure>\n\n\n\n<figure class=\"wp-block-image size-large\"><img loading=\"lazy\" decoding=\"async\" width=\"1024\" height=\"724\" src=\"https:\/\/gneist.org\/website_f29aed9f\/wp-content\/uploads\/2025\/08\/11-1024x724.png\" alt=\"\" class=\"wp-image-405\" srcset=\"https:\/\/gneist.org\/website_f29aed9f\/wp-content\/uploads\/2025\/08\/11-1024x724.png 1024w, https:\/\/gneist.org\/website_f29aed9f\/wp-content\/uploads\/2025\/08\/11-300x212.png 300w, https:\/\/gneist.org\/website_f29aed9f\/wp-content\/uploads\/2025\/08\/11-768x543.png 768w, https:\/\/gneist.org\/website_f29aed9f\/wp-content\/uploads\/2025\/08\/11-1536x1086.png 1536w, https:\/\/gneist.org\/website_f29aed9f\/wp-content\/uploads\/2025\/08\/11-600x424.png 600w, https:\/\/gneist.org\/website_f29aed9f\/wp-content\/uploads\/2025\/08\/11.png 2000w\" sizes=\"auto, (max-width: 1024px) 100vw, 1024px\" \/><\/figure>\n\n\n\n<p class=\"\">Oppbevaring av bagasje p\u00e5 eget ansvar!<\/p>\n","protected":false},"excerpt":{"rendered":"<p>Adresse: Grimseidvegen 60, 5239 R\u00e5dal Fasiliteter: &#8211; \u00c5tte l\u00f8pebaner&#8211; To kuleringer &#8211; To h\u00f8ydematter&#8211; Fire lengdegroper p\u00e5 stadion i tillegg til en ekstra p\u00e5 toppen av tribunen&#8211; Kast-ring til lange kast&#8211; Garderober, dusj og toalett&#8211; Administrasjonsbygg&#8211; To tidtakeranlegg, slik at det er mulig \u00e5 snu start p\u00e5 sprint\u00f8velser Parkering: det vil ikke v\u00e6re mulig \u00e5&#8230;<\/p>\n<div class=\"read-more\"><a href=\"https:\/\/gneist.org\/website_f29aed9f\/om-stevnet\/fana-stadion-gneist-arena\/\">Read More<\/a><\/div>\n","protected":false},"author":1,"featured_media":0,"parent":49,"menu_order":0,"comment_status":"closed","ping_status":"closed","template":"","meta":{"nf_dc_page":"","footnotes":""},"class_list":["post-152","page","type-page","status-publish","hentry"],"_links":{"self":[{"href":"https:\/\/gneist.org\/website_f29aed9f\/wp-json\/wp\/v2\/pages\/152","targetHints":{"allow":["GET"]}}],"collection":[{"href":"https:\/\/gneist.org\/website_f29aed9f\/wp-json\/wp\/v2\/pages"}],"about":[{"href":"https:\/\/gneist.org\/website_f29aed9f\/wp-json\/wp\/v2\/types\/page"}],"author":[{"embeddable":true,"href":"https:\/\/gneist.org\/website_f29aed9f\/wp-json\/wp\/v2\/users\/1"}],"replies":[{"embeddable":true,"href":"https:\/\/gneist.org\/website_f29aed9f\/wp-json\/wp\/v2\/comments?post=152"}],"version-history":[{"count":8,"href":"https:\/\/gneist.org\/website_f29aed9f\/wp-json\/wp\/v2\/pages\/152\/revisions"}],"predecessor-version":[{"id":406,"href":"https:\/\/gneist.org\/website_f29aed9f\/wp-json\/wp\/v2\/pages\/152\/revisions\/406"}],"up":[{"embeddable":true,"href":"https:\/\/gneist.org\/website_f29aed9f\/wp-json\/wp\/v2\/pages\/49"}],"wp:attachment":[{"href":"https:\/\/gneist.org\/website_f29aed9f\/wp-json\/wp\/v2\/media?parent=152"}],"curies":[{"name":"wp","href":"https:\/\/api.w.org\/{rel}","templated":true}]}}

<figure class="wp-block-image size-large"><img loading="lazy" decoding="async" width="1024" height="724" src="https://gneist.org/website_f29aed9f/wp-content/uploads/2025/07/Oversiktskart-Fana-stadion-junior-NM-2025-1024x724.jpg" alt="" class="wp-image-246" srcset="https://gneist.org/website_f29aed9f/wp-content/uploads/2025/07/Oversiktskart-Fana-stadion-junior-NM-2025-1024x724.jpg 1024w, https://gneist.org/website_f29aed9f/wp-content/uploads/2025/07/Oversiktskart-Fana-stadion-junior-NM-2025-300x212.jpg 300w, https://gneist.org/website_f29aed9f/wp-content/uploads/2025/07/Oversiktskart-Fana-stadion-junior-NM-2025-768x543.jpg 768w, https://gneist.org/website_f29aed9f/wp-content/uploads/2025/07/Oversiktskart-Fana-stadion-junior-NM-2025-1536x1086.jpg 1536w, https://gneist.org/website_f29aed9f/wp-content/uploads/2025/07/Oversiktskart-Fana-stadion-junior-NM-2025-600x424.jpg 600w, https://gneist.org/website_f29aed9f/wp-content/uploads/2025/07/Oversiktskart-Fana-stadion-junior-NM-2025.jpg 2000w" sizes="auto, (max-width: 1024px) 100vw, 1024px" /></figure>



<p class=""><strong>Adresse:</strong> Grimseidvegen 60, 5239 Rådal</p>



<p class=""><strong>Fasiliteter: </strong><br>&#8211; Åtte løpebaner<br>&#8211; To kuleringer <br>&#8211; To høydematter<br>&#8211; Fire lengdegroper på stadion i tillegg til en ekstra på toppen av tribunen<br>&#8211; Kast-ring til lange kast<br>&#8211; Garderober, dusj og toalett<br>&#8211; Administrasjonsbygg<br>&#8211; To tidtakeranlegg, slik at det er mulig å snu start på sprintøvelser</p>



<p class=""><strong>Parkering: </strong>det vil <strong>ikke</strong> være mulig å parkere utenfor Fana stadion under junior NM, kun på grusbanen på andre siden av veien (se mer informasjon under &#8220;lag og publikum&#8221; -&gt; parkering. Unntaket er inviterte og lederne av hovedkomite, samt stevneleder og assisterende stevneleder. Det er mulighet for handicap parkering utenfor Fana stadion. Har du behov for dette må dette avklares i forkant med Maike: prosjekt.friidrett@gneist.no</p>



<p class=""><strong>Oversiktskart: </strong></p>



<figure class="wp-block-image size-large"><img loading="lazy" decoding="async" width="1024" height="724" src="https://gneist.org/website_f29aed9f/wp-content/uploads/2025/08/Oversiktskart-Fana-stadion-junior-NM-2025-1-1024x724.jpg" alt="" class="wp-image-367" srcset="https://gneist.org/website_f29aed9f/wp-content/uploads/2025/08/Oversiktskart-Fana-stadion-junior-NM-2025-1-1024x724.jpg 1024w, https://gneist.org/website_f29aed9f/wp-content/uploads/2025/08/Oversiktskart-Fana-stadion-junior-NM-2025-1-300x212.jpg 300w, https://gneist.org/website_f29aed9f/wp-content/uploads/2025/08/Oversiktskart-Fana-stadion-junior-NM-2025-1-768x543.jpg 768w, https://gneist.org/website_f29aed9f/wp-content/uploads/2025/08/Oversiktskart-Fana-stadion-junior-NM-2025-1-1536x1086.jpg 1536w, https://gneist.org/website_f29aed9f/wp-content/uploads/2025/08/Oversiktskart-Fana-stadion-junior-NM-2025-1-600x424.jpg 600w, https://gneist.org/website_f29aed9f/wp-content/uploads/2025/08/Oversiktskart-Fana-stadion-junior-NM-2025-1.jpg 2000w" sizes="auto, (max-width: 1024px) 100vw, 1024px" /></figure>



<figure class="wp-block-image size-large"><img loading="lazy" decoding="async" width="1024" height="724" src="https://gneist.org/website_f29aed9f/wp-content/uploads/2025/07/3-1024x724.jpg" alt="" class="wp-image-273" srcset="https://gneist.org/website_f29aed9f/wp-content/uploads/2025/07/3-1024x724.jpg 1024w, https://gneist.org/website_f29aed9f/wp-content/uploads/2025/07/3-300x212.jpg 300w, https://gneist.org/website_f29aed9f/wp-content/uploads/2025/07/3-768x543.jpg 768w, https://gneist.org/website_f29aed9f/wp-content/uploads/2025/07/3-1536x1086.jpg 1536w, https://gneist.org/website_f29aed9f/wp-content/uploads/2025/07/3-600x424.jpg 600w, https://gneist.org/website_f29aed9f/wp-content/uploads/2025/07/3.jpg 2000w" sizes="auto, (max-width: 1024px) 100vw, 1024px" /></figure>



<p class=""><em>Hvilken lengdegrop som blir benyttet under konkurranse avhenger av vindretning. </em></p>



<figure class="wp-block-image size-large"><img loading="lazy" decoding="async" width="1024" height="724" src="https://gneist.org/website_f29aed9f/wp-content/uploads/2025/08/10-1024x724.png" alt="" class="wp-image-404" srcset="https://gneist.org/website_f29aed9f/wp-content/uploads/2025/08/10-1024x724.png 1024w, https://gneist.org/website_f29aed9f/wp-content/uploads/2025/08/10-300x212.png 300w, https://gneist.org/website_f29aed9f/wp-content/uploads/2025/08/10-768x543.png 768w, https://gneist.org/website_f29aed9f/wp-content/uploads/2025/08/10-1536x1086.png 1536w, https://gneist.org/website_f29aed9f/wp-content/uploads/2025/08/10-600x424.png 600w, https://gneist.org/website_f29aed9f/wp-content/uploads/2025/08/10.png 2000w" sizes="auto, (max-width: 1024px) 100vw, 1024px" /></figure>



<figure class="wp-block-image size-large"><img loading="lazy" decoding="async" width="1024" height="724" src="https://gneist.org/website_f29aed9f/wp-content/uploads/2025/07/2-1024x724.jpg" alt="" class="wp-image-274" srcset="https://gneist.org/website_f29aed9f/wp-content/uploads/2025/07/2-1024x724.jpg 1024w, https://gneist.org/website_f29aed9f/wp-content/uploads/2025/07/2-300x212.jpg 300w, https://gneist.org/website_f29aed9f/wp-content/uploads/2025/07/2-768x543.jpg 768w, https://gneist.org/website_f29aed9f/wp-content/uploads/2025/07/2-1536x1086.jpg 1536w, https://gneist.org/website_f29aed9f/wp-content/uploads/2025/07/2-600x424.jpg 600w, https://gneist.org/website_f29aed9f/wp-content/uploads/2025/07/2.jpg 2000w" sizes="auto, (max-width: 1024px) 100vw, 1024px" /></figure>



<figure class="wp-block-image size-large"><img loading="lazy" decoding="async" width="1024" height="724" src="https://gneist.org/website_f29aed9f/wp-content/uploads/2025/08/11-1024x724.png" alt="" class="wp-image-405" srcset="https://gneist.org/website_f29aed9f/wp-content/uploads/2025/08/11-1024x724.png 1024w, https://gneist.org/website_f29aed9f/wp-content/uploads/2025/08/11-300x212.png 300w, https://gneist.org/website_f29aed9f/wp-content/uploads/2025/08/11-768x543.png 768w, https://gneist.org/website_f29aed9f/wp-content/uploads/2025/08/11-1536x1086.png 1536w, https://gneist.org/website_f29aed9f/wp-content/uploads/2025/08/11-600x424.png 600w, https://gneist.org/website_f29aed9f/wp-content/uploads/2025/08/11.png 2000w" sizes="auto, (max-width: 1024px) 100vw, 1024px" /></figure>



<p class="">Oppbevaring av bagasje på eget ansvar!</p>

<p>Adresse: Grimseidvegen 60, 5239 Rådal Fasiliteter: &#8211; Åtte løpebaner&#8211; To kuleringer &#8211; To høydematter&#8211; Fire lengdegroper på stadion i tillegg til en ekstra på toppen av tribunen&#8211; Kast-ring til lange kast&#8211; Garderober, dusj og toalett&#8211; Administrasjonsbygg&#8211; To tidtakeranlegg, slik at det er mulig å snu start på sprintøvelser Parkering: det vil ikke være mulig å&#8230;</p>
<div class="read-more"><a href="https://gneist.org/website_f29aed9f/om-stevnet/fana-stadion-gneist-arena/">Read More</a></div>
