{"id":171,"date":"2025-06-17T08:30:30","date_gmt":"2025-06-17T08:30:30","guid":{"rendered":"https:\/\/gneist.org\/website_f29aed9f\/?page_id=171"},"modified":"2025-08-15T19:12:07","modified_gmt":"2025-08-15T19:12:07","slug":"tidsskjema","status":"publish","type":"page","link":"https:\/\/gneist.org\/website_f29aed9f\/tidsskjema\/","title":{"rendered":"Tidsskjema"},"content":{"rendered":"\n<p id=\"block-0e502026-40fa-427a-af49-f8c96790dd33\" class=\"\">Se vedlagte filer under, en for hver dag.<\/p>\n\n\n\n<p class=\"\"><em>Korrigert 10.08.25 kl. 20:19 grunnet feil i innmarsj\/callroom tider p\u00e5 tekniske \u00f8velser fredag<\/em><\/p>\n\n\n\n<p class=\"\"><em>Korrigert 12.08.25 kl. 22:18: <\/em><br><strong>Fredag:<\/strong> for \u00e5 ha bedre tid til kast-\u00f8velsene er det nye starttidspunkt for diskos MU20\/MU23 ny tid kl. 16:20, og for slegge KU20 ny tid kl. 19:00. <br>Ny tid for offisiell \u00e5pning: kl. 14:15<br><strong>L\u00f8rdag: <\/strong><br> Tastefeil p\u00e5 opprops-tider, det er 3 timer f\u00f8r (unntatt 110mh og 100mh). <br> <strong>SEMIFINALE p\u00e5 400m MU20<\/strong> hadde falt ut, dette er lagt inn kl. 13:55 og 14:00 l\u00f8rdag. <br><strong>S\u00f8ndag:<\/strong> Oppropsfrist for 100mh og 110mh er l\u00f8rdag (16.08) kl. 20:00 slik at man ikke trenger \u00e5 st\u00e5 opp s\u00e5 tidlig s\u00f8ndag.<br><strong> <\/strong>5000m MU20 A-finale, tastefeil p\u00e5 start-tid, rett tid er 14:35 sammen med MU23.<\/p>\n\n\n\n<p class=\"\"><em>Korrigert 15.08.25 kl. 21:10<\/em><br>NY TID: Slegge MU20 kl. 11:30<br>NY TID: Slegge MU23 kl. 13:10<\/p>\n\n\n\n<div data-wp-interactive=\"core\/file\" class=\"wp-block-file\"><object data-wp-bind--hidden=\"!state.hasPdfPreview\" hidden class=\"wp-block-file__embed\" data=\"https:\/\/gneist.org\/website_f29aed9f\/wp-content\/uploads\/2025\/08\/Tidsskjema-junior-NM-FREDAG-9.pdf\" type=\"application\/pdf\" style=\"width:100%;height:600px\" aria-label=\"Embed of Tidsskjema junior NM FREDAG.\"><\/object><a id=\"wp-block-file--media-69de48c9-8e42-4e15-b646-10e5866548bb\" href=\"https:\/\/gneist.org\/website_f29aed9f\/wp-content\/uploads\/2025\/08\/Tidsskjema-junior-NM-FREDAG-9.pdf\">Tidsskjema junior NM FREDAG<\/a><a href=\"https:\/\/gneist.org\/website_f29aed9f\/wp-content\/uploads\/2025\/08\/Tidsskjema-junior-NM-FREDAG-9.pdf\" class=\"wp-block-file__button wp-element-button\" download aria-describedby=\"wp-block-file--media-69de48c9-8e42-4e15-b646-10e5866548bb\">Last ned<\/a><\/div><div data-wp-interactive=\"core\/file\" class=\"wp-block-file\"><object data-wp-bind--hidden=\"!state.hasPdfPreview\" hidden class=\"wp-block-file__embed\" data=\"https:\/\/gneist.org\/website_f29aed9f\/wp-content\/uploads\/2025\/08\/Tidsskjema-junior-NM-LORDAG-6.pdf\" type=\"application\/pdf\" style=\"width:100%;height:600px\" aria-label=\"Embed of Tidsskjema junior NM L\u00d8RDAG.\"><\/object><a id=\"wp-block-file--media-847a90fa-8e3a-48c9-9fe0-af638949b0eb\" href=\"https:\/\/gneist.org\/website_f29aed9f\/wp-content\/uploads\/2025\/08\/Tidsskjema-junior-NM-LORDAG-6.pdf\">Tidsskjema junior NM L\u00d8RDAG<\/a><a href=\"https:\/\/gneist.org\/website_f29aed9f\/wp-content\/uploads\/2025\/08\/Tidsskjema-junior-NM-LORDAG-6.pdf\" class=\"wp-block-file__button wp-element-button\" download aria-describedby=\"wp-block-file--media-847a90fa-8e3a-48c9-9fe0-af638949b0eb\">Last ned<\/a><\/div><div data-wp-interactive=\"core\/file\" class=\"wp-block-file\"><object data-wp-bind--hidden=\"!state.hasPdfPreview\" hidden class=\"wp-block-file__embed\" data=\"https:\/\/gneist.org\/website_f29aed9f\/wp-content\/uploads\/2025\/08\/Tidsskjema-junior-NM-SONDAG-5.pdf\" type=\"application\/pdf\" style=\"width:100%;height:600px\" aria-label=\"Embed of Tidsskjema junior NM S\u00d8NDAG.\"><\/object><a id=\"wp-block-file--media-18bf2ffb-0d96-4820-bfe3-3ae276770e3b\" href=\"https:\/\/gneist.org\/website_f29aed9f\/wp-content\/uploads\/2025\/08\/Tidsskjema-junior-NM-SONDAG-5.pdf\">Tidsskjema junior NM S\u00d8NDAG<\/a><a href=\"https:\/\/gneist.org\/website_f29aed9f\/wp-content\/uploads\/2025\/08\/Tidsskjema-junior-NM-SONDAG-5.pdf\" class=\"wp-block-file__button wp-element-button\" download aria-describedby=\"wp-block-file--media-18bf2ffb-0d96-4820-bfe3-3ae276770e3b\">Last ned<\/a><\/div>\n\n\n\n<p class=\"\">FORS\u00d8K HEKK 110mh og 100mh utg\u00e5r om det er f\u00e6rre enn 8 ut\u00f8vere. <\/p>\n\n\n\n<p class=\"\"><\/p>\n","protected":false},"excerpt":{"rendered":"<p>Se vedlagte filer under, en for hver dag. Korrigert 10.08.25 kl. 20:19 grunnet feil i innmarsj\/callroom tider p\u00e5 tekniske \u00f8velser fredag Korrigert 12.08.25 kl. 22:18: Fredag: for \u00e5 ha bedre tid til kast-\u00f8velsene er det nye starttidspunkt for diskos MU20\/MU23 ny tid kl. 16:20, og for slegge KU20 ny tid kl. 19:00. Ny tid for&#8230;<\/p>\n<div class=\"read-more\"><a href=\"https:\/\/gneist.org\/website_f29aed9f\/tidsskjema\/\">Read More<\/a><\/div>\n","protected":false},"author":1,"featured_media":0,"parent":0,"menu_order":0,"comment_status":"closed","ping_status":"closed","template":"","meta":{"nf_dc_page":"","footnotes":""},"class_list":["post-171","page","type-page","status-publish","hentry"],"_links":{"self":[{"href":"https:\/\/gneist.org\/website_f29aed9f\/wp-json\/wp\/v2\/pages\/171","targetHints":{"allow":["GET"]}}],"collection":[{"href":"https:\/\/gneist.org\/website_f29aed9f\/wp-json\/wp\/v2\/pages"}],"about":[{"href":"https:\/\/gneist.org\/website_f29aed9f\/wp-json\/wp\/v2\/types\/page"}],"author":[{"embeddable":true,"href":"https:\/\/gneist.org\/website_f29aed9f\/wp-json\/wp\/v2\/users\/1"}],"replies":[{"embeddable":true,"href":"https:\/\/gneist.org\/website_f29aed9f\/wp-json\/wp\/v2\/comments?post=171"}],"version-history":[{"count":14,"href":"https:\/\/gneist.org\/website_f29aed9f\/wp-json\/wp\/v2\/pages\/171\/revisions"}],"predecessor-version":[{"id":445,"href":"https:\/\/gneist.org\/website_f29aed9f\/wp-json\/wp\/v2\/pages\/171\/revisions\/445"}],"wp:attachment":[{"href":"https:\/\/gneist.org\/website_f29aed9f\/wp-json\/wp\/v2\/media?parent=171"}],"curies":[{"name":"wp","href":"https:\/\/api.w.org\/{rel}","templated":true}]}}