{"id":180,"date":"2025-06-17T08:31:48","date_gmt":"2025-06-17T08:31:48","guid":{"rendered":"https:\/\/gneist.org\/website_f29aed9f\/?page_id=180"},"modified":"2025-08-14T21:05:52","modified_gmt":"2025-08-14T21:05:52","slug":"transport","status":"publish","type":"page","link":"https:\/\/gneist.org\/website_f29aed9f\/transport\/","title":{"rendered":"Shuttelbuss"},"content":{"rendered":"\n<p class=\"\"><strong>Fredag 15.08 vil det v\u00e6re gratis \u00e5 ta buss fra Quality Hotel Edvard Grieg til Fana stadion (kun til stadion, ikke fra), for \u00e5 hente biletter for de som har forh\u00e5ndskj\u00f8pt, samt de som \u00f8nsker \u00e5 kj\u00f8pe weekendpass. <\/strong>Dette gjelder kun i tidsrommet 09:00-12:00 (fredag). Ellers er det kun mulig \u00e5 ta buss med gyldig bilett. <\/p>\n\n\n\n<p class=\"\">Det vil g\u00e5 en shuttelbuss fra Tide mellom Fana stadion og Quality Hotel Edvard Grieg. Grunnet fare for k\u00f8 stopper bussen ved Meyerskiftet i rush-tiden for \u00e5 kunne opprettholde en god frekvens.  Ogs\u00e5 om morgenen for \u00e5 \u00f8ke antall avganger.<br><br>Fra busstoppet er det bare 100 meter \u00e5 g\u00e5 til Gneist Arena. <br><br><\/p>\n\n\n\n<figure class=\"wp-block-image size-large\"><img loading=\"lazy\" decoding=\"async\" width=\"424\" height=\"1024\" src=\"https:\/\/gneist.org\/website_f29aed9f\/wp-content\/uploads\/2025\/08\/Rutetabell-shuttelbus-junior-NM-2025-1-424x1024.jpg\" alt=\"\" class=\"wp-image-428\" srcset=\"https:\/\/gneist.org\/website_f29aed9f\/wp-content\/uploads\/2025\/08\/Rutetabell-shuttelbus-junior-NM-2025-1-424x1024.jpg 424w, https:\/\/gneist.org\/website_f29aed9f\/wp-content\/uploads\/2025\/08\/Rutetabell-shuttelbus-junior-NM-2025-1-124x300.jpg 124w, https:\/\/gneist.org\/website_f29aed9f\/wp-content\/uploads\/2025\/08\/Rutetabell-shuttelbus-junior-NM-2025-1-768x1855.jpg 768w, https:\/\/gneist.org\/website_f29aed9f\/wp-content\/uploads\/2025\/08\/Rutetabell-shuttelbus-junior-NM-2025-1-636x1536.jpg 636w, https:\/\/gneist.org\/website_f29aed9f\/wp-content\/uploads\/2025\/08\/Rutetabell-shuttelbus-junior-NM-2025-1-848x2048.jpg 848w, https:\/\/gneist.org\/website_f29aed9f\/wp-content\/uploads\/2025\/08\/Rutetabell-shuttelbus-junior-NM-2025-1-600x1450.jpg 600w, https:\/\/gneist.org\/website_f29aed9f\/wp-content\/uploads\/2025\/08\/Rutetabell-shuttelbus-junior-NM-2025-1-scaled.jpg 1060w\" sizes=\"auto, (max-width: 424px) 100vw, 424px\" \/><\/figure>\n\n\n\n<p class=\"\"><\/p>\n\n\n\n<p class=\"\"><br>150kr for weekend-pass <a href=\"https:\/\/docs.google.com\/forms\/d\/e\/1FAIpQLSc9RIjR_rfphz6FwLto-Au8lG0Bf9hFdsUsyKl1K7zhWJcvdg\/viewform?usp=dialog\">kj\u00f8pes klubb\/lagsvis i forkant via p\u00e5meldingsskjema her<\/a><br><em>Weekend-pass m\u00e5 bestilles innen 6.august og betales innen 15.august. Faktura vil bli tilsendt i l\u00f8pet av f\u00f8rste uken i august<\/em>.<\/p>\n\n\n\n<p class=\"\">Det vil v\u00e6re mulig \u00e5 kj\u00f8pe weekend-pass i gymsalen p\u00e5 Fana stadion fra fredag, kun betaling via vipps der.<br>OBS!: Det er ikke mulig \u00e5 kj\u00f8pe billett p\u00e5 bussen, kun i forkant eller p\u00e5 Fana stadion. <br><\/p>\n\n\n\n<p class=\"\"><strong>Ingen refusjon p\u00e5 weekend-pass<\/strong>.<\/p>\n\n\n\n<figure class=\"wp-block-image size-full\"><img loading=\"lazy\" decoding=\"async\" width=\"890\" height=\"500\" src=\"https:\/\/gneist.org\/website_f29aed9f\/wp-content\/uploads\/2025\/06\/image.png\" alt=\"\" class=\"wp-image-213\" srcset=\"https:\/\/gneist.org\/website_f29aed9f\/wp-content\/uploads\/2025\/06\/image.png 890w, https:\/\/gneist.org\/website_f29aed9f\/wp-content\/uploads\/2025\/06\/image-300x169.png 300w, https:\/\/gneist.org\/website_f29aed9f\/wp-content\/uploads\/2025\/06\/image-768x431.png 768w, https:\/\/gneist.org\/website_f29aed9f\/wp-content\/uploads\/2025\/06\/image-600x337.png 600w\" sizes=\"auto, (max-width: 890px) 100vw, 890px\" \/><\/figure>\n","protected":false},"excerpt":{"rendered":"<p>Fredag 15.08 vil det v\u00e6re gratis \u00e5 ta buss fra Quality Hotel Edvard Grieg til Fana stadion (kun til stadion, ikke fra), for \u00e5 hente biletter for de som har forh\u00e5ndskj\u00f8pt, samt de som \u00f8nsker \u00e5 kj\u00f8pe weekendpass. Dette gjelder kun i tidsrommet 09:00-12:00 (fredag). Ellers er det kun mulig \u00e5 ta buss med gyldig&#8230;<\/p>\n<div class=\"read-more\"><a href=\"https:\/\/gneist.org\/website_f29aed9f\/transport\/\">Read More<\/a><\/div>\n","protected":false},"author":1,"featured_media":0,"parent":0,"menu_order":0,"comment_status":"closed","ping_status":"closed","template":"","meta":{"nf_dc_page":"","footnotes":""},"class_list":["post-180","page","type-page","status-publish","hentry"],"_links":{"self":[{"href":"https:\/\/gneist.org\/website_f29aed9f\/wp-json\/wp\/v2\/pages\/180","targetHints":{"allow":["GET"]}}],"collection":[{"href":"https:\/\/gneist.org\/website_f29aed9f\/wp-json\/wp\/v2\/pages"}],"about":[{"href":"https:\/\/gneist.org\/website_f29aed9f\/wp-json\/wp\/v2\/types\/page"}],"author":[{"embeddable":true,"href":"https:\/\/gneist.org\/website_f29aed9f\/wp-json\/wp\/v2\/users\/1"}],"replies":[{"embeddable":true,"href":"https:\/\/gneist.org\/website_f29aed9f\/wp-json\/wp\/v2\/comments?post=180"}],"version-history":[{"count":19,"href":"https:\/\/gneist.org\/website_f29aed9f\/wp-json\/wp\/v2\/pages\/180\/revisions"}],"predecessor-version":[{"id":450,"href":"https:\/\/gneist.org\/website_f29aed9f\/wp-json\/wp\/v2\/pages\/180\/revisions\/450"}],"wp:attachment":[{"href":"https:\/\/gneist.org\/website_f29aed9f\/wp-json\/wp\/v2\/media?parent=180"}],"curies":[{"name":"wp","href":"https:\/\/api.w.org\/{rel}","templated":true}]}}

<p class=""><strong>Fredag 15.08 vil det være gratis å ta buss fra Quality Hotel Edvard Grieg til Fana stadion (kun til stadion, ikke fra), for å hente biletter for de som har forhåndskjøpt, samt de som ønsker å kjøpe weekendpass. </strong>Dette gjelder kun i tidsrommet 09:00-12:00 (fredag). Ellers er det kun mulig å ta buss med gyldig bilett. </p>



<p class="">Det vil gå en shuttelbuss fra Tide mellom Fana stadion og Quality Hotel Edvard Grieg. Grunnet fare for kø stopper bussen ved Meyerskiftet i rush-tiden for å kunne opprettholde en god frekvens.  Også om morgenen for å øke antall avganger.<br><br>Fra busstoppet er det bare 100 meter å gå til Gneist Arena. <br><br></p>



<figure class="wp-block-image size-large"><img loading="lazy" decoding="async" width="424" height="1024" src="https://gneist.org/website_f29aed9f/wp-content/uploads/2025/08/Rutetabell-shuttelbus-junior-NM-2025-1-424x1024.jpg" alt="" class="wp-image-428" srcset="https://gneist.org/website_f29aed9f/wp-content/uploads/2025/08/Rutetabell-shuttelbus-junior-NM-2025-1-424x1024.jpg 424w, https://gneist.org/website_f29aed9f/wp-content/uploads/2025/08/Rutetabell-shuttelbus-junior-NM-2025-1-124x300.jpg 124w, https://gneist.org/website_f29aed9f/wp-content/uploads/2025/08/Rutetabell-shuttelbus-junior-NM-2025-1-768x1855.jpg 768w, https://gneist.org/website_f29aed9f/wp-content/uploads/2025/08/Rutetabell-shuttelbus-junior-NM-2025-1-636x1536.jpg 636w, https://gneist.org/website_f29aed9f/wp-content/uploads/2025/08/Rutetabell-shuttelbus-junior-NM-2025-1-848x2048.jpg 848w, https://gneist.org/website_f29aed9f/wp-content/uploads/2025/08/Rutetabell-shuttelbus-junior-NM-2025-1-600x1450.jpg 600w, https://gneist.org/website_f29aed9f/wp-content/uploads/2025/08/Rutetabell-shuttelbus-junior-NM-2025-1-scaled.jpg 1060w" sizes="auto, (max-width: 424px) 100vw, 424px" /></figure>



<p class=""></p>



<p class=""><br>150kr for weekend-pass <a href="https://docs.google.com/forms/d/e/1FAIpQLSc9RIjR_rfphz6FwLto-Au8lG0Bf9hFdsUsyKl1K7zhWJcvdg/viewform?usp=dialog">kjøpes klubb/lagsvis i forkant via påmeldingsskjema her</a><br><em>Weekend-pass må bestilles innen 6.august og betales innen 15.august. Faktura vil bli tilsendt i løpet av første uken i august</em>.</p>



<p class="">Det vil være mulig å kjøpe weekend-pass i gymsalen på Fana stadion fra fredag, kun betaling via vipps der.<br>OBS!: Det er ikke mulig å kjøpe billett på bussen, kun i forkant eller på Fana stadion. <br></p>



<p class=""><strong>Ingen refusjon på weekend-pass</strong>.</p>



<figure class="wp-block-image size-full"><img loading="lazy" decoding="async" width="890" height="500" src="https://gneist.org/website_f29aed9f/wp-content/uploads/2025/06/image.png" alt="" class="wp-image-213" srcset="https://gneist.org/website_f29aed9f/wp-content/uploads/2025/06/image.png 890w, https://gneist.org/website_f29aed9f/wp-content/uploads/2025/06/image-300x169.png 300w, https://gneist.org/website_f29aed9f/wp-content/uploads/2025/06/image-768x431.png 768w, https://gneist.org/website_f29aed9f/wp-content/uploads/2025/06/image-600x337.png 600w" sizes="auto, (max-width: 890px) 100vw, 890px" /></figure>

<p>Fredag 15.08 vil det være gratis å ta buss fra Quality Hotel Edvard Grieg til Fana stadion (kun til stadion, ikke fra), for å hente biletter for de som har forhåndskjøpt, samt de som ønsker å kjøpe weekendpass. Dette gjelder kun i tidsrommet 09:00-12:00 (fredag). Ellers er det kun mulig å ta buss med gyldig&#8230;</p>
<div class="read-more"><a href="https://gneist.org/website_f29aed9f/transport/">Read More</a></div>
