{"id":206,"date":"2025-06-19T12:42:36","date_gmt":"2025-06-19T12:42:36","guid":{"rendered":"https:\/\/gneist.org\/website_f29aed9f\/?page_id=206"},"modified":"2025-07-17T12:00:59","modified_gmt":"2025-07-17T12:00:59","slug":"lagstelt","status":"publish","type":"page","link":"https:\/\/gneist.org\/website_f29aed9f\/publikum\/lagstelt\/","title":{"rendered":"Lagstelt"},"content":{"rendered":"\n<p class=\"\"><br><\/p>\n\n\n\n<figure class=\"wp-block-image size-large\"><img loading=\"lazy\" decoding=\"async\" width=\"1024\" height=\"683\" src=\"https:\/\/gneist.org\/website_f29aed9f\/wp-content\/uploads\/2025\/06\/1P1A2307_1200-1024x683.jpg\" alt=\"\" class=\"wp-image-210\" srcset=\"https:\/\/gneist.org\/website_f29aed9f\/wp-content\/uploads\/2025\/06\/1P1A2307_1200-1024x683.jpg 1024w, https:\/\/gneist.org\/website_f29aed9f\/wp-content\/uploads\/2025\/06\/1P1A2307_1200-300x200.jpg 300w, https:\/\/gneist.org\/website_f29aed9f\/wp-content\/uploads\/2025\/06\/1P1A2307_1200-768x512.jpg 768w, https:\/\/gneist.org\/website_f29aed9f\/wp-content\/uploads\/2025\/06\/1P1A2307_1200-600x400.jpg 600w, https:\/\/gneist.org\/website_f29aed9f\/wp-content\/uploads\/2025\/06\/1P1A2307_1200.jpg 1200w\" sizes=\"auto, (max-width: 1024px) 100vw, 1024px\" \/><\/figure>\n\n\n\n<p class=\"\">Det blir plass til \u00e5 sette opp lagstelt p\u00e5 toppen av tribunen p\u00e5 Fana stadion, se oversiktskart. \u00d8nsker din klubb en plass her ta kontakt med: prosjekt.friidrett@gneist.no<\/p>\n\n\n\n<figure class=\"wp-block-image size-large\"><img loading=\"lazy\" decoding=\"async\" width=\"1024\" height=\"724\" src=\"https:\/\/gneist.org\/website_f29aed9f\/wp-content\/uploads\/2025\/07\/1-2-1024x724.jpg\" alt=\"\" class=\"wp-image-303\" srcset=\"https:\/\/gneist.org\/website_f29aed9f\/wp-content\/uploads\/2025\/07\/1-2-1024x724.jpg 1024w, https:\/\/gneist.org\/website_f29aed9f\/wp-content\/uploads\/2025\/07\/1-2-300x212.jpg 300w, https:\/\/gneist.org\/website_f29aed9f\/wp-content\/uploads\/2025\/07\/1-2-768x543.jpg 768w, https:\/\/gneist.org\/website_f29aed9f\/wp-content\/uploads\/2025\/07\/1-2-1536x1086.jpg 1536w, https:\/\/gneist.org\/website_f29aed9f\/wp-content\/uploads\/2025\/07\/1-2-600x424.jpg 600w, https:\/\/gneist.org\/website_f29aed9f\/wp-content\/uploads\/2025\/07\/1-2.jpg 2000w\" sizes=\"auto, (max-width: 1024px) 100vw, 1024px\" \/><\/figure>\n","protected":false},"excerpt":{"rendered":"<p>Det blir plass til \u00e5 sette opp lagstelt p\u00e5 toppen av tribunen p\u00e5 Fana stadion, se oversiktskart. \u00d8nsker din klubb en plass her ta kontakt med: prosjekt.friidrett@gneist.no<\/p>\n","protected":false},"author":1,"featured_media":0,"parent":186,"menu_order":0,"comment_status":"closed","ping_status":"closed","template":"","meta":{"nf_dc_page":"","footnotes":""},"class_list":["post-206","page","type-page","status-publish","hentry"],"_links":{"self":[{"href":"https:\/\/gneist.org\/website_f29aed9f\/wp-json\/wp\/v2\/pages\/206","targetHints":{"allow":["GET"]}}],"collection":[{"href":"https:\/\/gneist.org\/website_f29aed9f\/wp-json\/wp\/v2\/pages"}],"about":[{"href":"https:\/\/gneist.org\/website_f29aed9f\/wp-json\/wp\/v2\/types\/page"}],"author":[{"embeddable":true,"href":"https:\/\/gneist.org\/website_f29aed9f\/wp-json\/wp\/v2\/users\/1"}],"replies":[{"embeddable":true,"href":"https:\/\/gneist.org\/website_f29aed9f\/wp-json\/wp\/v2\/comments?post=206"}],"version-history":[{"count":3,"href":"https:\/\/gneist.org\/website_f29aed9f\/wp-json\/wp\/v2\/pages\/206\/revisions"}],"predecessor-version":[{"id":304,"href":"https:\/\/gneist.org\/website_f29aed9f\/wp-json\/wp\/v2\/pages\/206\/revisions\/304"}],"up":[{"embeddable":true,"href":"https:\/\/gneist.org\/website_f29aed9f\/wp-json\/wp\/v2\/pages\/186"}],"wp:attachment":[{"href":"https:\/\/gneist.org\/website_f29aed9f\/wp-json\/wp\/v2\/media?parent=206"}],"curies":[{"name":"wp","href":"https:\/\/api.w.org\/{rel}","templated":true}]}}

<p class=""><br></p>



<figure class="wp-block-image size-large"><img loading="lazy" decoding="async" width="1024" height="683" src="https://gneist.org/website_f29aed9f/wp-content/uploads/2025/06/1P1A2307_1200-1024x683.jpg" alt="" class="wp-image-210" srcset="https://gneist.org/website_f29aed9f/wp-content/uploads/2025/06/1P1A2307_1200-1024x683.jpg 1024w, https://gneist.org/website_f29aed9f/wp-content/uploads/2025/06/1P1A2307_1200-300x200.jpg 300w, https://gneist.org/website_f29aed9f/wp-content/uploads/2025/06/1P1A2307_1200-768x512.jpg 768w, https://gneist.org/website_f29aed9f/wp-content/uploads/2025/06/1P1A2307_1200-600x400.jpg 600w, https://gneist.org/website_f29aed9f/wp-content/uploads/2025/06/1P1A2307_1200.jpg 1200w" sizes="auto, (max-width: 1024px) 100vw, 1024px" /></figure>



<p class="">Det blir plass til å sette opp lagstelt på toppen av tribunen på Fana stadion, se oversiktskart. Ønsker din klubb en plass her ta kontakt med: prosjekt.friidrett@gneist.no</p>



<figure class="wp-block-image size-large"><img loading="lazy" decoding="async" width="1024" height="724" src="https://gneist.org/website_f29aed9f/wp-content/uploads/2025/07/1-2-1024x724.jpg" alt="" class="wp-image-303" srcset="https://gneist.org/website_f29aed9f/wp-content/uploads/2025/07/1-2-1024x724.jpg 1024w, https://gneist.org/website_f29aed9f/wp-content/uploads/2025/07/1-2-300x212.jpg 300w, https://gneist.org/website_f29aed9f/wp-content/uploads/2025/07/1-2-768x543.jpg 768w, https://gneist.org/website_f29aed9f/wp-content/uploads/2025/07/1-2-1536x1086.jpg 1536w, https://gneist.org/website_f29aed9f/wp-content/uploads/2025/07/1-2-600x424.jpg 600w, https://gneist.org/website_f29aed9f/wp-content/uploads/2025/07/1-2.jpg 2000w" sizes="auto, (max-width: 1024px) 100vw, 1024px" /></figure>

<p>Det blir plass til å sette opp lagstelt på toppen av tribunen på Fana stadion, se oversiktskart. Ønsker din klubb en plass her ta kontakt med: prosjekt.friidrett@gneist.no</p>
