{"id":252,"date":"2025-07-17T06:03:56","date_gmt":"2025-07-17T06:03:56","guid":{"rendered":"https:\/\/gneist.org\/website_f29aed9f\/?page_id=252"},"modified":"2025-07-17T10:13:09","modified_gmt":"2025-07-17T10:13:09","slug":"presse-og-media","status":"publish","type":"page","link":"https:\/\/gneist.org\/website_f29aed9f\/presse-og-media\/","title":{"rendered":"Presse og media"},"content":{"rendered":"\n<p class=\"\"><strong>Akkreditering: <\/strong>Alle som er presse og media m\u00e5 ha akkreditering, <strong>frist innen torsdag 14.august. <\/strong>Akkreditering er viktig for \u00e5 f\u00e5 tilgang til pressesenter, samt gratis parkering og mat. <a href=\"https:\/\/docs.google.com\/forms\/d\/e\/1FAIpQLSdPeZLwh2eQ52ENYqS3igLRCRI906JF1AYJjQODUNhw53Rx2w\/viewform?usp=sharing&amp;ouid=108061044449820575749\">Fyll ut skjema innen 14. august her <\/a><\/p>\n\n\n\n<p class=\"\"><strong>Pressesenter: <\/strong>i administrasjonsbygget p\u00e5 Fana stadion. Se oversiktsbilde under.<\/p>\n\n\n\n<figure class=\"wp-block-image size-large\"><img loading=\"lazy\" decoding=\"async\" width=\"1024\" height=\"724\" src=\"https:\/\/gneist.org\/website_f29aed9f\/wp-content\/uploads\/2025\/07\/10-1024x724.jpg\" alt=\"\" class=\"wp-image-261\" srcset=\"https:\/\/gneist.org\/website_f29aed9f\/wp-content\/uploads\/2025\/07\/10-1024x724.jpg 1024w, https:\/\/gneist.org\/website_f29aed9f\/wp-content\/uploads\/2025\/07\/10-300x212.jpg 300w, https:\/\/gneist.org\/website_f29aed9f\/wp-content\/uploads\/2025\/07\/10-768x543.jpg 768w, https:\/\/gneist.org\/website_f29aed9f\/wp-content\/uploads\/2025\/07\/10-1536x1086.jpg 1536w, https:\/\/gneist.org\/website_f29aed9f\/wp-content\/uploads\/2025\/07\/10-600x424.jpg 600w, https:\/\/gneist.org\/website_f29aed9f\/wp-content\/uploads\/2025\/07\/10.jpg 2000w\" sizes=\"auto, (max-width: 1024px) 100vw, 1024px\" \/><\/figure>\n\n\n\n<p class=\"\"><strong>Parkering: <\/strong>gratis parkering p\u00e5 grusbanen ved fremvisning av presse-akkreditering.<\/p>\n\n\n\n<figure class=\"wp-block-image size-large\"><img loading=\"lazy\" decoding=\"async\" width=\"1024\" height=\"724\" src=\"https:\/\/gneist.org\/website_f29aed9f\/wp-content\/uploads\/2025\/07\/7-1024x724.jpg\" alt=\"\" class=\"wp-image-262\" srcset=\"https:\/\/gneist.org\/website_f29aed9f\/wp-content\/uploads\/2025\/07\/7-1024x724.jpg 1024w, https:\/\/gneist.org\/website_f29aed9f\/wp-content\/uploads\/2025\/07\/7-300x212.jpg 300w, https:\/\/gneist.org\/website_f29aed9f\/wp-content\/uploads\/2025\/07\/7-768x543.jpg 768w, https:\/\/gneist.org\/website_f29aed9f\/wp-content\/uploads\/2025\/07\/7-1536x1086.jpg 1536w, https:\/\/gneist.org\/website_f29aed9f\/wp-content\/uploads\/2025\/07\/7-600x424.jpg 600w, https:\/\/gneist.org\/website_f29aed9f\/wp-content\/uploads\/2025\/07\/7.jpg 2000w\" sizes=\"auto, (max-width: 1024px) 100vw, 1024px\" \/><\/figure>\n\n\n\n<p class=\"\"><strong>Mat:<\/strong> i 2. etasje i Gneist arena, sammen med funksjon\u00e6rer. <\/p>\n\n\n\n<figure class=\"wp-block-image size-large\"><img loading=\"lazy\" decoding=\"async\" width=\"1024\" height=\"724\" src=\"https:\/\/gneist.org\/website_f29aed9f\/wp-content\/uploads\/2025\/07\/9-1024x724.jpg\" alt=\"\" class=\"wp-image-263\" srcset=\"https:\/\/gneist.org\/website_f29aed9f\/wp-content\/uploads\/2025\/07\/9-1024x724.jpg 1024w, https:\/\/gneist.org\/website_f29aed9f\/wp-content\/uploads\/2025\/07\/9-300x212.jpg 300w, https:\/\/gneist.org\/website_f29aed9f\/wp-content\/uploads\/2025\/07\/9-768x543.jpg 768w, https:\/\/gneist.org\/website_f29aed9f\/wp-content\/uploads\/2025\/07\/9-1536x1086.jpg 1536w, https:\/\/gneist.org\/website_f29aed9f\/wp-content\/uploads\/2025\/07\/9-600x424.jpg 600w, https:\/\/gneist.org\/website_f29aed9f\/wp-content\/uploads\/2025\/07\/9.jpg 2000w\" sizes=\"auto, (max-width: 1024px) 100vw, 1024px\" \/><\/figure>\n","protected":false},"excerpt":{"rendered":"<p>Akkreditering: Alle som er presse og media m\u00e5 ha akkreditering, frist innen torsdag 14.august. Akkreditering er viktig for \u00e5 f\u00e5 tilgang til pressesenter, samt gratis parkering og mat. Fyll ut skjema innen 14. august her Pressesenter: i administrasjonsbygget p\u00e5 Fana stadion. Se oversiktsbilde under. Parkering: gratis parkering p\u00e5 grusbanen ved fremvisning av presse-akkreditering. Mat: i&#8230;<\/p>\n<div class=\"read-more\"><a href=\"https:\/\/gneist.org\/website_f29aed9f\/presse-og-media\/\">Read More<\/a><\/div>\n","protected":false},"author":1,"featured_media":0,"parent":0,"menu_order":0,"comment_status":"closed","ping_status":"closed","template":"","meta":{"nf_dc_page":"","footnotes":""},"class_list":["post-252","page","type-page","status-publish","hentry"],"_links":{"self":[{"href":"https:\/\/gneist.org\/website_f29aed9f\/wp-json\/wp\/v2\/pages\/252","targetHints":{"allow":["GET"]}}],"collection":[{"href":"https:\/\/gneist.org\/website_f29aed9f\/wp-json\/wp\/v2\/pages"}],"about":[{"href":"https:\/\/gneist.org\/website_f29aed9f\/wp-json\/wp\/v2\/types\/page"}],"author":[{"embeddable":true,"href":"https:\/\/gneist.org\/website_f29aed9f\/wp-json\/wp\/v2\/users\/1"}],"replies":[{"embeddable":true,"href":"https:\/\/gneist.org\/website_f29aed9f\/wp-json\/wp\/v2\/comments?post=252"}],"version-history":[{"count":5,"href":"https:\/\/gneist.org\/website_f29aed9f\/wp-json\/wp\/v2\/pages\/252\/revisions"}],"predecessor-version":[{"id":272,"href":"https:\/\/gneist.org\/website_f29aed9f\/wp-json\/wp\/v2\/pages\/252\/revisions\/272"}],"wp:attachment":[{"href":"https:\/\/gneist.org\/website_f29aed9f\/wp-json\/wp\/v2\/media?parent=252"}],"curies":[{"name":"wp","href":"https:\/\/api.w.org\/{rel}","templated":true}]}}

<p class=""><strong>Akkreditering: </strong>Alle som er presse og media må ha akkreditering, <strong>frist innen torsdag 14.august. </strong>Akkreditering er viktig for å få tilgang til pressesenter, samt gratis parkering og mat. <a href="https://docs.google.com/forms/d/e/1FAIpQLSdPeZLwh2eQ52ENYqS3igLRCRI906JF1AYJjQODUNhw53Rx2w/viewform?usp=sharing&amp;ouid=108061044449820575749">Fyll ut skjema innen 14. august her </a></p>



<p class=""><strong>Pressesenter: </strong>i administrasjonsbygget på Fana stadion. Se oversiktsbilde under.</p>



<figure class="wp-block-image size-large"><img loading="lazy" decoding="async" width="1024" height="724" src="https://gneist.org/website_f29aed9f/wp-content/uploads/2025/07/10-1024x724.jpg" alt="" class="wp-image-261" srcset="https://gneist.org/website_f29aed9f/wp-content/uploads/2025/07/10-1024x724.jpg 1024w, https://gneist.org/website_f29aed9f/wp-content/uploads/2025/07/10-300x212.jpg 300w, https://gneist.org/website_f29aed9f/wp-content/uploads/2025/07/10-768x543.jpg 768w, https://gneist.org/website_f29aed9f/wp-content/uploads/2025/07/10-1536x1086.jpg 1536w, https://gneist.org/website_f29aed9f/wp-content/uploads/2025/07/10-600x424.jpg 600w, https://gneist.org/website_f29aed9f/wp-content/uploads/2025/07/10.jpg 2000w" sizes="auto, (max-width: 1024px) 100vw, 1024px" /></figure>



<p class=""><strong>Parkering: </strong>gratis parkering på grusbanen ved fremvisning av presse-akkreditering.</p>



<figure class="wp-block-image size-large"><img loading="lazy" decoding="async" width="1024" height="724" src="https://gneist.org/website_f29aed9f/wp-content/uploads/2025/07/7-1024x724.jpg" alt="" class="wp-image-262" srcset="https://gneist.org/website_f29aed9f/wp-content/uploads/2025/07/7-1024x724.jpg 1024w, https://gneist.org/website_f29aed9f/wp-content/uploads/2025/07/7-300x212.jpg 300w, https://gneist.org/website_f29aed9f/wp-content/uploads/2025/07/7-768x543.jpg 768w, https://gneist.org/website_f29aed9f/wp-content/uploads/2025/07/7-1536x1086.jpg 1536w, https://gneist.org/website_f29aed9f/wp-content/uploads/2025/07/7-600x424.jpg 600w, https://gneist.org/website_f29aed9f/wp-content/uploads/2025/07/7.jpg 2000w" sizes="auto, (max-width: 1024px) 100vw, 1024px" /></figure>



<p class=""><strong>Mat:</strong> i 2. etasje i Gneist arena, sammen med funksjonærer. </p>



<figure class="wp-block-image size-large"><img loading="lazy" decoding="async" width="1024" height="724" src="https://gneist.org/website_f29aed9f/wp-content/uploads/2025/07/9-1024x724.jpg" alt="" class="wp-image-263" srcset="https://gneist.org/website_f29aed9f/wp-content/uploads/2025/07/9-1024x724.jpg 1024w, https://gneist.org/website_f29aed9f/wp-content/uploads/2025/07/9-300x212.jpg 300w, https://gneist.org/website_f29aed9f/wp-content/uploads/2025/07/9-768x543.jpg 768w, https://gneist.org/website_f29aed9f/wp-content/uploads/2025/07/9-1536x1086.jpg 1536w, https://gneist.org/website_f29aed9f/wp-content/uploads/2025/07/9-600x424.jpg 600w, https://gneist.org/website_f29aed9f/wp-content/uploads/2025/07/9.jpg 2000w" sizes="auto, (max-width: 1024px) 100vw, 1024px" /></figure>

<p>Akkreditering: Alle som er presse og media må ha akkreditering, frist innen torsdag 14.august. Akkreditering er viktig for å få tilgang til pressesenter, samt gratis parkering og mat. Fyll ut skjema innen 14. august her Pressesenter: i administrasjonsbygget på Fana stadion. Se oversiktsbilde under. Parkering: gratis parkering på grusbanen ved fremvisning av presse-akkreditering. Mat: i&#8230;</p>
<div class="read-more"><a href="https://gneist.org/website_f29aed9f/presse-og-media/">Read More</a></div>
