{"id":257,"date":"2025-07-17T08:45:45","date_gmt":"2025-07-17T08:45:45","guid":{"rendered":"https:\/\/gneist.org\/website_f29aed9f\/?page_id=257"},"modified":"2025-08-13T14:32:00","modified_gmt":"2025-08-13T14:32:00","slug":"callroom","status":"publish","type":"page","link":"https:\/\/gneist.org\/website_f29aed9f\/callroom\/","title":{"rendered":"Callroom"},"content":{"rendered":"\n<p class=\"\">Callroom vil bli p\u00e5 utsiden av l\u00f8pebanen inne i hallen i Gneist arena.<\/p>\n\n\n\n<p class=\"\">Ut\u00f8vere som ikke m\u00f8ter i tide til fastsatt tidspunkt for oppm\u00f8te i Call Room vil kunne nektes rett til \u00e5 delta i konkurransen.<\/p>\n\n\n\n<p class=\"\">Startnummer, sko, godkjent lagsdrakt og godkjent reklame skal kontrolleres i Call Room.<\/p>\n\n\n\n<p class=\"\">Alle ut\u00f8vere skal v\u00e6re med p\u00e5 innmarsjen\u00a0 (med unntak de som har f\u00e5tt disp. pga andre p\u00e5g\u00e5ende \u00f8velser).<\/p>\n\n\n\n<p class=\"\">Tider for callroom og innmarsj ligger p\u00e5 tidsskjema. <\/p>\n","protected":false},"excerpt":{"rendered":"<p>Callroom vil bli p\u00e5 utsiden av l\u00f8pebanen inne i hallen i Gneist arena. Ut\u00f8vere som ikke m\u00f8ter i tide til fastsatt tidspunkt for oppm\u00f8te i Call Room vil kunne nektes rett til \u00e5 delta i konkurransen. Startnummer, sko, godkjent lagsdrakt og godkjent reklame skal kontrolleres i Call Room. Alle ut\u00f8vere skal v\u00e6re med p\u00e5 innmarsjen\u00a0&#8230;<\/p>\n<div class=\"read-more\"><a href=\"https:\/\/gneist.org\/website_f29aed9f\/callroom\/\">Read More<\/a><\/div>\n","protected":false},"author":1,"featured_media":0,"parent":0,"menu_order":0,"comment_status":"closed","ping_status":"closed","template":"","meta":{"nf_dc_page":"","footnotes":""},"class_list":["post-257","page","type-page","status-publish","hentry"],"_links":{"self":[{"href":"https:\/\/gneist.org\/website_f29aed9f\/wp-json\/wp\/v2\/pages\/257","targetHints":{"allow":["GET"]}}],"collection":[{"href":"https:\/\/gneist.org\/website_f29aed9f\/wp-json\/wp\/v2\/pages"}],"about":[{"href":"https:\/\/gneist.org\/website_f29aed9f\/wp-json\/wp\/v2\/types\/page"}],"author":[{"embeddable":true,"href":"https:\/\/gneist.org\/website_f29aed9f\/wp-json\/wp\/v2\/users\/1"}],"replies":[{"embeddable":true,"href":"https:\/\/gneist.org\/website_f29aed9f\/wp-json\/wp\/v2\/comments?post=257"}],"version-history":[{"count":4,"href":"https:\/\/gneist.org\/website_f29aed9f\/wp-json\/wp\/v2\/pages\/257\/revisions"}],"predecessor-version":[{"id":402,"href":"https:\/\/gneist.org\/website_f29aed9f\/wp-json\/wp\/v2\/pages\/257\/revisions\/402"}],"wp:attachment":[{"href":"https:\/\/gneist.org\/website_f29aed9f\/wp-json\/wp\/v2\/media?parent=257"}],"curies":[{"name":"wp","href":"https:\/\/api.w.org\/{rel}","templated":true}]}}